{"id":919,"date":"2023-03-19T17:15:06","date_gmt":"2023-03-19T16:15:06","guid":{"rendered":"http:\/\/dk-st-josef.de\/?page_id=919"},"modified":"2023-03-20T09:49:10","modified_gmt":"2023-03-20T08:49:10","slug":"2010-2","status":"publish","type":"page","link":"http:\/\/dk-st-josef.de\/?page_id=919","title":{"rendered":"2010"},"content":{"rendered":"\n<p><strong><span class=\"has-inline-color has-vivid-red-color\">Unser Artikel im Sessionsheft der W\u00e4scherprinzessin <\/span><\/strong><\/p>\n\n\n\n<h3 class=\"wp-block-heading\">Tollit\u00e4ten wie \u201eDreigestirn\u201c und W\u00e4scherprinzessin \u2013&nbsp;und Prinz und Bonna sind auch dabei<\/h3>\n\n\n\n<div class=\"wp-block-image\"><figure class=\"aligncenter size-large is-resized\"><img loading=\"lazy\" decoding=\"async\" src=\"http:\/\/dk-st-josef.de\/wp-content\/uploads\/2021\/02\/Sessionsheft_2010-1.jpg\" alt=\"\" class=\"wp-image-710\" width=\"284\" height=\"358\" srcset=\"http:\/\/dk-st-josef.de\/wp-content\/uploads\/2021\/02\/Sessionsheft_2010-1.jpg 345w, http:\/\/dk-st-josef.de\/wp-content\/uploads\/2021\/02\/Sessionsheft_2010-1-238x300.jpg 238w, http:\/\/dk-st-josef.de\/wp-content\/uploads\/2021\/02\/Sessionsheft_2010-1-48x60.jpg 48w\" sizes=\"auto, (max-width: 284px) 100vw, 284px\" \/><\/figure><\/div>\n\n\n\n<p>Schon seit 1924 gibt\u2019s in der Katholische Frauengemeinschaft St. Josef ein reges karnevalistisches Treiben. Bei karnevalistischen Frauennachmittagen f\u00fcllte sich immer das Pfarrheim St. Josef, damals noch \u201eVereinshaus\u201c genannt, mit jecken Wievern. Die Reihe der Tollit\u00e4ten begann aber erst im Jahr 1975 mit Sabine I. Barz, geb. Thimm, die bisher einzige echte W\u00e4scherprinzessin aus dem DK St. Josef \u2013 lang ist\u2019s her.<\/p>\n\n\n\n<div class=\"wp-block-image\"><figure class=\"aligncenter size-large is-resized\"><img loading=\"lazy\" decoding=\"async\" src=\"http:\/\/dk-st-josef.de\/wp-content\/uploads\/2021\/02\/Sessionsheft_2010-edited.jpg\" alt=\"\" class=\"wp-image-709\" width=\"343\" height=\"193\" srcset=\"http:\/\/dk-st-josef.de\/wp-content\/uploads\/2021\/02\/Sessionsheft_2010-edited.jpg 344w, http:\/\/dk-st-josef.de\/wp-content\/uploads\/2021\/02\/Sessionsheft_2010-edited-300x169.jpg 300w, http:\/\/dk-st-josef.de\/wp-content\/uploads\/2021\/02\/Sessionsheft_2010-edited-106x60.jpg 106w\" sizes=\"auto, (max-width: 343px) 100vw, 343px\" \/><\/figure><\/div>\n\n\n\n<p>Immer schon hat der jeweilige Pastor oder Kaplan zum Programm des karnevalistischen Frauennachmittags bzw. Frauensitzung beigetragen. Dies fand 1992 einen H\u00f6hepunkt im Beueler Dreigestirn: Pastor Richenhagen als Bauer, Diakon Behne als Jungfrau und Kaplan Theo Gatzweiler als Prinz, nat\u00fcrlich in wundersch\u00f6nen, hochwertig geschneiderten Kost\u00fcmen, die den echten Ornaten nachempfunden waren. Von dieser Idee und vor allem der gelungenen Umsetzung sprechen noch heute viele Beueler Jecken.<\/p>\n\n\n\n<p>Das Damenkomitee der Katholischen Frauengemeinschaft St. Josef legte immer schon viel Wert auf die Einbindung der karnevalistischen Jugend. Die eigenen Kinder der Aktiven waren auf der B\u00fchne und im Zug dabei. Das hatte nachhaltige Wirkung. So war es sicher kein Zufall, dass ausgerechnet der pfarreigene Pius-Kindergarten 1993 die erste Kinder-W\u00e4scherprinzessin proklamierte und sowohl diese, als nat\u00fcrlich auch die\u201eJucks-P\u00e4nz\u201c, im Pfarrheim auftreten durften. 2006 trug dies alles dann weitere Fr\u00fcchte. Es gelang, das Damenkomitee durch neue Mitglieder zu erweitern und dadurch zu verj\u00fcngen. Als mit Abstand J\u00fcngste machen seit dem auch Lara Mohn und ihre Freundin Lina J\u00fctten mit und bereichern die Frauensitzung, mittlerweile auf Karnevalssamstag verlegt, mit kleinen Beitr\u00e4gen. Karneval 2009 f\u00fchlten wir uns besonders geehrt: das Bonner Prinzenpaar fand den Weg \u00fcber den Rhein und wurde auf unserer Frauensitzung von 170 Frauen im Pfarrheim St. Josef begeistert begr\u00fc\u00dft. Bonna Miriam wurde sofort in die Mitte der jecken Damenkomitee-Frauen aufgenommen, zu denen auch Katja Birkner, die Frau des Prinzen geh\u00f6rt, w\u00e4hrend Ralf I. erstmal seine Sangeskraft unter Beweis stellen musste. Der H\u00f6hepunkt war die Verleihung des Ordens des Bonner Festausschusses an unseren Herrn Pastor Dr. Evertz und an unsere langj\u00e4hrige Pr\u00e4sidentin, Hilde Lichtenberg.<\/p>\n\n\n\n<div class=\"wp-block-image\"><figure class=\"aligncenter size-large\"><img loading=\"lazy\" decoding=\"async\" width=\"208\" height=\"370\" src=\"http:\/\/dk-st-josef.de\/wp-content\/uploads\/2021\/02\/Sessionsheft_2010-2-edited.jpg\" alt=\"\" class=\"wp-image-712\" srcset=\"http:\/\/dk-st-josef.de\/wp-content\/uploads\/2021\/02\/Sessionsheft_2010-2-edited.jpg 208w, http:\/\/dk-st-josef.de\/wp-content\/uploads\/2021\/02\/Sessionsheft_2010-2-edited-169x300.jpg 169w, http:\/\/dk-st-josef.de\/wp-content\/uploads\/2021\/02\/Sessionsheft_2010-2-edited-34x60.jpg 34w\" sizes=\"auto, (max-width: 208px) 100vw, 208px\" \/><\/figure><\/div>\n\n\n\n<p>Nun haben wir 2010 und endlich ist es soweit: Mir han en  W\u00e4scherprinzessin in St. Josef- Lara I. (Mohn) aus dem Herzen Beuels! Daran mussten wir uns bei aller Freude erst mal gew\u00f6hnen, denn wir haben keine \u00dcbung oder Erfahrung im Umgang mit dieser Ehre. Doch die vorbereitenden Treffen und Planungen haben gezeigt, dass wir uns fit f\u00fchlen f\u00fcr die Herausforderungen einer unglaublich intensiven Session. Mit viel Spa\u00df und Elan packen alle gemeinsam, verst\u00e4rkt durch 5 weitere neue Frauen, die praktischen Dinge an. Und das Beste: in diesem Jahr sind wirklich alle wieder beim Weiberfastnachtszug dabei, wenn von unserem sch\u00f6nen gro\u00dfen Karnevalswagen \u201e\u2026jecke T\u00f6n in Beuel am Rhing\u201c ert\u00f6nen.<\/p>\n","protected":false},"excerpt":{"rendered":"<p>Unser Artikel im Sessionsheft der W\u00e4scherprinzessin Tollit\u00e4ten wie \u201eDreigestirn\u201c und W\u00e4scherprinzessin \u2013&nbsp;und Prinz und Bonna sind auch dabei Schon seit 1924 gibt\u2019s in der Katholische &hellip; <\/p>\n","protected":false},"author":1,"featured_media":0,"parent":645,"menu_order":14,"comment_status":"closed","ping_status":"closed","template":"","meta":{"footnotes":""},"class_list":["post-919","page","type-page","status-publish","hentry","latest_post"],"_links":{"self":[{"href":"http:\/\/dk-st-josef.de\/index.php?rest_route=\/wp\/v2\/pages\/919","targetHints":{"allow":["GET"]}}],"collection":[{"href":"http:\/\/dk-st-josef.de\/index.php?rest_route=\/wp\/v2\/pages"}],"about":[{"href":"http:\/\/dk-st-josef.de\/index.php?rest_route=\/wp\/v2\/types\/page"}],"author":[{"embeddable":true,"href":"http:\/\/dk-st-josef.de\/index.php?rest_route=\/wp\/v2\/users\/1"}],"replies":[{"embeddable":true,"href":"http:\/\/dk-st-josef.de\/index.php?rest_route=%2Fwp%2Fv2%2Fcomments&post=919"}],"version-history":[{"count":7,"href":"http:\/\/dk-st-josef.de\/index.php?rest_route=\/wp\/v2\/pages\/919\/revisions"}],"predecessor-version":[{"id":975,"href":"http:\/\/dk-st-josef.de\/index.php?rest_route=\/wp\/v2\/pages\/919\/revisions\/975"}],"up":[{"embeddable":true,"href":"http:\/\/dk-st-josef.de\/index.php?rest_route=\/wp\/v2\/pages\/645"}],"wp:attachment":[{"href":"http:\/\/dk-st-josef.de\/index.php?rest_route=%2Fwp%2Fv2%2Fmedia&parent=919"}],"curies":[{"name":"wp","href":"https:\/\/api.w.org\/{rel}","templated":true}]}}

<p><strong><span class="has-inline-color has-vivid-red-color">Unser Artikel im Sessionsheft der Wäscherprinzessin </span></strong></p>



<h3 class="wp-block-heading">Tollitäten wie „Dreigestirn“ und Wäscherprinzessin –&nbsp;und Prinz und Bonna sind auch dabei</h3>



<div class="wp-block-image"><figure class="aligncenter size-large is-resized"><img loading="lazy" decoding="async" src="http://dk-st-josef.de/wp-content/uploads/2021/02/Sessionsheft_2010-1.jpg" alt="" class="wp-image-710" width="284" height="358" srcset="http://dk-st-josef.de/wp-content/uploads/2021/02/Sessionsheft_2010-1.jpg 345w, http://dk-st-josef.de/wp-content/uploads/2021/02/Sessionsheft_2010-1-238x300.jpg 238w, http://dk-st-josef.de/wp-content/uploads/2021/02/Sessionsheft_2010-1-48x60.jpg 48w" sizes="auto, (max-width: 284px) 100vw, 284px" /></figure></div>



<p>Schon seit 1924 gibt’s in der Katholische Frauengemeinschaft St. Josef ein reges karnevalistisches Treiben. Bei karnevalistischen Frauennachmittagen füllte sich immer das Pfarrheim St. Josef, damals noch „Vereinshaus“ genannt, mit jecken Wievern. Die Reihe der Tollitäten begann aber erst im Jahr 1975 mit Sabine I. Barz, geb. Thimm, die bisher einzige echte Wäscherprinzessin aus dem DK St. Josef – lang ist’s her.</p>



<div class="wp-block-image"><figure class="aligncenter size-large is-resized"><img loading="lazy" decoding="async" src="http://dk-st-josef.de/wp-content/uploads/2021/02/Sessionsheft_2010-edited.jpg" alt="" class="wp-image-709" width="343" height="193" srcset="http://dk-st-josef.de/wp-content/uploads/2021/02/Sessionsheft_2010-edited.jpg 344w, http://dk-st-josef.de/wp-content/uploads/2021/02/Sessionsheft_2010-edited-300x169.jpg 300w, http://dk-st-josef.de/wp-content/uploads/2021/02/Sessionsheft_2010-edited-106x60.jpg 106w" sizes="auto, (max-width: 343px) 100vw, 343px" /></figure></div>



<p>Immer schon hat der jeweilige Pastor oder Kaplan zum Programm des karnevalistischen Frauennachmittags bzw. Frauensitzung beigetragen. Dies fand 1992 einen Höhepunkt im Beueler Dreigestirn: Pastor Richenhagen als Bauer, Diakon Behne als Jungfrau und Kaplan Theo Gatzweiler als Prinz, natürlich in wunderschönen, hochwertig geschneiderten Kostümen, die den echten Ornaten nachempfunden waren. Von dieser Idee und vor allem der gelungenen Umsetzung sprechen noch heute viele Beueler Jecken.</p>



<p>Das Damenkomitee der Katholischen Frauengemeinschaft St. Josef legte immer schon viel Wert auf die Einbindung der karnevalistischen Jugend. Die eigenen Kinder der Aktiven waren auf der Bühne und im Zug dabei. Das hatte nachhaltige Wirkung. So war es sicher kein Zufall, dass ausgerechnet der pfarreigene Pius-Kindergarten 1993 die erste Kinder-Wäscherprinzessin proklamierte und sowohl diese, als natürlich auch die„Jucks-Pänz“, im Pfarrheim auftreten durften. 2006 trug dies alles dann weitere Früchte. Es gelang, das Damenkomitee durch neue Mitglieder zu erweitern und dadurch zu verjüngen. Als mit Abstand Jüngste machen seit dem auch Lara Mohn und ihre Freundin Lina Jütten mit und bereichern die Frauensitzung, mittlerweile auf Karnevalssamstag verlegt, mit kleinen Beiträgen. Karneval 2009 fühlten wir uns besonders geehrt: das Bonner Prinzenpaar fand den Weg über den Rhein und wurde auf unserer Frauensitzung von 170 Frauen im Pfarrheim St. Josef begeistert begrüßt. Bonna Miriam wurde sofort in die Mitte der jecken Damenkomitee-Frauen aufgenommen, zu denen auch Katja Birkner, die Frau des Prinzen gehört, während Ralf I. erstmal seine Sangeskraft unter Beweis stellen musste. Der Höhepunkt war die Verleihung des Ordens des Bonner Festausschusses an unseren Herrn Pastor Dr. Evertz und an unsere langjährige Präsidentin, Hilde Lichtenberg.</p>



<div class="wp-block-image"><figure class="aligncenter size-large"><img loading="lazy" decoding="async" width="208" height="370" src="http://dk-st-josef.de/wp-content/uploads/2021/02/Sessionsheft_2010-2-edited.jpg" alt="" class="wp-image-712" srcset="http://dk-st-josef.de/wp-content/uploads/2021/02/Sessionsheft_2010-2-edited.jpg 208w, http://dk-st-josef.de/wp-content/uploads/2021/02/Sessionsheft_2010-2-edited-169x300.jpg 169w, http://dk-st-josef.de/wp-content/uploads/2021/02/Sessionsheft_2010-2-edited-34x60.jpg 34w" sizes="auto, (max-width: 208px) 100vw, 208px" /></figure></div>



<p>Nun haben wir 2010 und endlich ist es soweit: Mir han en  Wäscherprinzessin in St. Josef- Lara I. (Mohn) aus dem Herzen Beuels! Daran mussten wir uns bei aller Freude erst mal gewöhnen, denn wir haben keine Übung oder Erfahrung im Umgang mit dieser Ehre. Doch die vorbereitenden Treffen und Planungen haben gezeigt, dass wir uns fit fühlen für die Herausforderungen einer unglaublich intensiven Session. Mit viel Spaß und Elan packen alle gemeinsam, verstärkt durch 5 weitere neue Frauen, die praktischen Dinge an. Und das Beste: in diesem Jahr sind wirklich alle wieder beim Weiberfastnachtszug dabei, wenn von unserem schönen großen Karnevalswagen „…jecke Tön in Beuel am Rhing“ ertönen.</p>

<p>Unser Artikel im Sessionsheft der Wäscherprinzessin Tollitäten wie „Dreigestirn“ und Wäscherprinzessin –&nbsp;und Prinz und Bonna sind auch dabei Schon seit 1924 gibt’s in der Katholische &hellip; </p>
