{"id":915,"date":"2023-03-19T17:13:40","date_gmt":"2023-03-19T16:13:40","guid":{"rendered":"http:\/\/dk-st-josef.de\/?page_id=915"},"modified":"2023-03-20T09:50:37","modified_gmt":"2023-03-20T08:50:37","slug":"2012-2","status":"publish","type":"page","link":"http:\/\/dk-st-josef.de\/?page_id=915","title":{"rendered":"2012"},"content":{"rendered":"\n<p><span class=\"has-inline-color has-vivid-red-color\"><strong><span class=\"has-inline-color has-vivid-red-color\">Unser Artikel im Sessionsheft der W\u00e4scherprinzessin<\/span><\/strong><\/span><\/p>\n\n\n\n<p><strong>1924 \u2013 2012<\/strong><\/p>\n\n\n\n<h3 class=\"wp-block-heading\">8&#215;11 Jahre Damenkomitee der Katholischen Frauengemeinschaft St. Josef<\/h3>\n\n\n\n<p>Genau hundert Jahre nach dem Start des organisierten Frauenkarnevals in Beuel , n\u00e4mlich 1924, wird unsere Katholische Frauengemeinschaft St. Josef (kfd) gegr\u00fcndet. Um Karneval mit den vereinseigenen Frauen zu feiern, gab es gleich eine Art Karnevals-Ausschuss,&nbsp; eines von vielen&nbsp; Beispielen f\u00fcr selbstbewussten Frauenkarneval in Beuel. Schnell war der Kaffeeklatsch an Weiberfastnacht ein wichtiger Termin im Jahreskalender der kfd. Trotz der Pausen in den Kriegsjahren konnte die Tradition sofort im Jahr 1946 wieder aufgenommen werden.&nbsp;<\/p>\n\n\n\n<div class=\"wp-block-image\"><figure class=\"aligncenter size-large is-resized\"><img loading=\"lazy\" decoding=\"async\" src=\"http:\/\/dk-st-josef.de\/wp-content\/uploads\/2021\/02\/Sessionsheft-12-1-edited.jpg\" alt=\"\" class=\"wp-image-719\" width=\"479\" height=\"269\" srcset=\"http:\/\/dk-st-josef.de\/wp-content\/uploads\/2021\/02\/Sessionsheft-12-1-edited.jpg 1062w, http:\/\/dk-st-josef.de\/wp-content\/uploads\/2021\/02\/Sessionsheft-12-1-edited-300x169.jpg 300w, http:\/\/dk-st-josef.de\/wp-content\/uploads\/2021\/02\/Sessionsheft-12-1-edited-1024x576.jpg 1024w, http:\/\/dk-st-josef.de\/wp-content\/uploads\/2021\/02\/Sessionsheft-12-1-edited-768x432.jpg 768w, http:\/\/dk-st-josef.de\/wp-content\/uploads\/2021\/02\/Sessionsheft-12-1-edited-107x60.jpg 107w\" sizes=\"auto, (max-width: 479px) 100vw, 479px\" \/><\/figure><\/div>\n\n\n\n<p>Tradition hatte es auch, dass eigene Kinder schon fr\u00fch an den Frauenkarneval heran gef\u00fchrt wurden. Kinder spielten bei Sketchen mit, kellnerten, machten Garderobendienst und waren eben immer mit dabei.&nbsp;<\/p>\n\n\n\n<p>Von 1980-1990 leitete Michaele Neuhalfen die Sitzungen. Hilde Lichtenberg, jetzt Ehrenpr\u00e4sidentin, f\u00fchrte dann 16 Jahre den bunten Haufen Frauen an, immer mit vollem Einsatz und Engagement. Seit dem Jahre 1991 halfen M\u00fctter aus dem Pius Kindergarten als \u201ejunge Frauen\u201c mit kleinen Dienstleistungen an Weiberfastnacht; sei es als Begleitung der Kinderw\u00e4scherprinzessin oder mit einer lustigen Tanznummer oder als Garderobieren.&nbsp;<\/p>\n\n\n\n<p>Immer enger wurden die Bande zwischen Jung und Alt, bis schlie\u00dflich im Jahr 2007 Brigitte Mohn Pr\u00e4sidentin wurde und eine starke Gruppe gleichberechtigt mitwirkte, die immer noch die&nbsp; \u201ejungen Frauen\u201c genannt werden. Allerdings war damit auch verbunden, den traditionsreichen Weiberfastnachtstermin der Frauensitzung auf Karnevalssamstag zu verlegen.<\/p>\n\n\n\n<div class=\"wp-block-image\"><figure class=\"aligncenter size-large is-resized\"><img loading=\"lazy\" decoding=\"async\" src=\"http:\/\/dk-st-josef.de\/wp-content\/uploads\/2021\/02\/Sessionsheft-12-edited.jpg\" alt=\"\" class=\"wp-image-720\" width=\"464\" height=\"261\" srcset=\"http:\/\/dk-st-josef.de\/wp-content\/uploads\/2021\/02\/Sessionsheft-12-edited.jpg 759w, http:\/\/dk-st-josef.de\/wp-content\/uploads\/2021\/02\/Sessionsheft-12-edited-300x169.jpg 300w, http:\/\/dk-st-josef.de\/wp-content\/uploads\/2021\/02\/Sessionsheft-12-edited-107x60.jpg 107w\" sizes=\"auto, (max-width: 464px) 100vw, 464px\" \/><\/figure><\/div>\n\n\n\n<p>Nachdem die gro\u00dfe Skepsis \u00fcberwunden werden konnte, dass zu viele \u00c4nderungen das getreue Publikum verschrecken k\u00f6nnten, konnte ein guter Mittelweg im Programm gefunden werden, der Altbew\u00e4hrtes bietet und auch neue Ideen zul\u00e4sst.&nbsp;<\/p>\n\n\n\n<p>2009\/2010 bekam das Komitee durch unsere W\u00e4scherprinzessin Lara I. (Mohn)&nbsp; mit unserer W\u00e4scherin Lina (J\u00fctten) nochmals einen riesigen Aufschwung. Zum einen fanden sich seit dem jedes Jahr erneut j\u00fcngere Mitglieder, aber vor allem bildete sich ein toller Zusammenhalt. Alle Komiteeschwestern entwickelten eine gro\u00dfe Hochachtung vor den Lebenserfahrungen und dem&nbsp; Lebensalltag der jeweils anderen. &nbsp; &nbsp;<\/p>\n\n\n\n<div class=\"wp-block-image\"><figure class=\"aligncenter size-large is-resized\"><img loading=\"lazy\" decoding=\"async\" src=\"http:\/\/dk-st-josef.de\/wp-content\/uploads\/2021\/02\/Sessionsheft-12-2-edited.jpg\" alt=\"\" class=\"wp-image-722\" width=\"418\" height=\"234\" srcset=\"http:\/\/dk-st-josef.de\/wp-content\/uploads\/2021\/02\/Sessionsheft-12-2-edited.jpg 796w, http:\/\/dk-st-josef.de\/wp-content\/uploads\/2021\/02\/Sessionsheft-12-2-edited-300x168.jpg 300w, http:\/\/dk-st-josef.de\/wp-content\/uploads\/2021\/02\/Sessionsheft-12-2-edited-768x431.jpg 768w, http:\/\/dk-st-josef.de\/wp-content\/uploads\/2021\/02\/Sessionsheft-12-2-edited-107x60.jpg 107w\" sizes=\"auto, (max-width: 418px) 100vw, 418px\" \/><\/figure><\/div>\n\n\n\n<p>Was liegt da n\u00e4her, als ein Jubil\u00e4umsmotto, das zu uns passt, weil es eine unserer Eigenarten beschreibt:&nbsp;<\/p>\n\n\n\n<p><strong><em>88 jecke Jahre,&nbsp;<\/em><\/strong><\/p>\n\n\n\n<p><strong><em>Alt und Jung &#8211; das ist das Wahre!<\/em><\/strong><\/p>\n\n\n\n<p>Wir freuen uns \u00fcber die gelungene Mischung von Jung und Alt und sehen es als Ehrensache an, weiterhin, sowohl bei der Proklamation der W\u00e4scherprinzessin mit dem gesamten Komitee einen kleinen Programmbeitrag zu leisten, als auch am Vorstellabend im November im Beueler Rathaus sich nicht zu schade zu sein, zu zeigen, was die Beueler Weiberfastnacht&nbsp; so alles an Selbstgemachtem zu bieten hat.&nbsp;<\/p>\n\n\n\n<p>Brigitte Mohn<\/p>\n","protected":false},"excerpt":{"rendered":"<p>Unser Artikel im Sessionsheft der W\u00e4scherprinzessin 1924 \u2013 2012 8&#215;11 Jahre Damenkomitee der Katholischen Frauengemeinschaft St. Josef Genau hundert Jahre nach dem Start des organisierten &hellip; <\/p>\n","protected":false},"author":1,"featured_media":0,"parent":645,"menu_order":12,"comment_status":"closed","ping_status":"closed","template":"","meta":{"footnotes":""},"class_list":["post-915","page","type-page","status-publish","hentry","latest_post"],"_links":{"self":[{"href":"http:\/\/dk-st-josef.de\/index.php?rest_route=\/wp\/v2\/pages\/915","targetHints":{"allow":["GET"]}}],"collection":[{"href":"http:\/\/dk-st-josef.de\/index.php?rest_route=\/wp\/v2\/pages"}],"about":[{"href":"http:\/\/dk-st-josef.de\/index.php?rest_route=\/wp\/v2\/types\/page"}],"author":[{"embeddable":true,"href":"http:\/\/dk-st-josef.de\/index.php?rest_route=\/wp\/v2\/users\/1"}],"replies":[{"embeddable":true,"href":"http:\/\/dk-st-josef.de\/index.php?rest_route=%2Fwp%2Fv2%2Fcomments&post=915"}],"version-history":[{"count":6,"href":"http:\/\/dk-st-josef.de\/index.php?rest_route=\/wp\/v2\/pages\/915\/revisions"}],"predecessor-version":[{"id":977,"href":"http:\/\/dk-st-josef.de\/index.php?rest_route=\/wp\/v2\/pages\/915\/revisions\/977"}],"up":[{"embeddable":true,"href":"http:\/\/dk-st-josef.de\/index.php?rest_route=\/wp\/v2\/pages\/645"}],"wp:attachment":[{"href":"http:\/\/dk-st-josef.de\/index.php?rest_route=%2Fwp%2Fv2%2Fmedia&parent=915"}],"curies":[{"name":"wp","href":"https:\/\/api.w.org\/{rel}","templated":true}]}}

<p><span class="has-inline-color has-vivid-red-color"><strong><span class="has-inline-color has-vivid-red-color">Unser Artikel im Sessionsheft der Wäscherprinzessin</span></strong></span></p>



<p><strong>1924 – 2012</strong></p>



<h3 class="wp-block-heading">8&#215;11 Jahre Damenkomitee der Katholischen Frauengemeinschaft St. Josef</h3>



<p>Genau hundert Jahre nach dem Start des organisierten Frauenkarnevals in Beuel , nämlich 1924, wird unsere Katholische Frauengemeinschaft St. Josef (kfd) gegründet. Um Karneval mit den vereinseigenen Frauen zu feiern, gab es gleich eine Art Karnevals-Ausschuss,&nbsp; eines von vielen&nbsp; Beispielen für selbstbewussten Frauenkarneval in Beuel. Schnell war der Kaffeeklatsch an Weiberfastnacht ein wichtiger Termin im Jahreskalender der kfd. Trotz der Pausen in den Kriegsjahren konnte die Tradition sofort im Jahr 1946 wieder aufgenommen werden.&nbsp;</p>



<div class="wp-block-image"><figure class="aligncenter size-large is-resized"><img loading="lazy" decoding="async" src="http://dk-st-josef.de/wp-content/uploads/2021/02/Sessionsheft-12-1-edited.jpg" alt="" class="wp-image-719" width="479" height="269" srcset="http://dk-st-josef.de/wp-content/uploads/2021/02/Sessionsheft-12-1-edited.jpg 1062w, http://dk-st-josef.de/wp-content/uploads/2021/02/Sessionsheft-12-1-edited-300x169.jpg 300w, http://dk-st-josef.de/wp-content/uploads/2021/02/Sessionsheft-12-1-edited-1024x576.jpg 1024w, http://dk-st-josef.de/wp-content/uploads/2021/02/Sessionsheft-12-1-edited-768x432.jpg 768w, http://dk-st-josef.de/wp-content/uploads/2021/02/Sessionsheft-12-1-edited-107x60.jpg 107w" sizes="auto, (max-width: 479px) 100vw, 479px" /></figure></div>



<p>Tradition hatte es auch, dass eigene Kinder schon früh an den Frauenkarneval heran geführt wurden. Kinder spielten bei Sketchen mit, kellnerten, machten Garderobendienst und waren eben immer mit dabei.&nbsp;</p>



<p>Von 1980-1990 leitete Michaele Neuhalfen die Sitzungen. Hilde Lichtenberg, jetzt Ehrenpräsidentin, führte dann 16 Jahre den bunten Haufen Frauen an, immer mit vollem Einsatz und Engagement. Seit dem Jahre 1991 halfen Mütter aus dem Pius Kindergarten als „junge Frauen“ mit kleinen Dienstleistungen an Weiberfastnacht; sei es als Begleitung der Kinderwäscherprinzessin oder mit einer lustigen Tanznummer oder als Garderobieren.&nbsp;</p>



<p>Immer enger wurden die Bande zwischen Jung und Alt, bis schließlich im Jahr 2007 Brigitte Mohn Präsidentin wurde und eine starke Gruppe gleichberechtigt mitwirkte, die immer noch die&nbsp; „jungen Frauen“ genannt werden. Allerdings war damit auch verbunden, den traditionsreichen Weiberfastnachtstermin der Frauensitzung auf Karnevalssamstag zu verlegen.</p>



<div class="wp-block-image"><figure class="aligncenter size-large is-resized"><img loading="lazy" decoding="async" src="http://dk-st-josef.de/wp-content/uploads/2021/02/Sessionsheft-12-edited.jpg" alt="" class="wp-image-720" width="464" height="261" srcset="http://dk-st-josef.de/wp-content/uploads/2021/02/Sessionsheft-12-edited.jpg 759w, http://dk-st-josef.de/wp-content/uploads/2021/02/Sessionsheft-12-edited-300x169.jpg 300w, http://dk-st-josef.de/wp-content/uploads/2021/02/Sessionsheft-12-edited-107x60.jpg 107w" sizes="auto, (max-width: 464px) 100vw, 464px" /></figure></div>



<p>Nachdem die große Skepsis überwunden werden konnte, dass zu viele Änderungen das getreue Publikum verschrecken könnten, konnte ein guter Mittelweg im Programm gefunden werden, der Altbewährtes bietet und auch neue Ideen zulässt.&nbsp;</p>



<p>2009/2010 bekam das Komitee durch unsere Wäscherprinzessin Lara I. (Mohn)&nbsp; mit unserer Wäscherin Lina (Jütten) nochmals einen riesigen Aufschwung. Zum einen fanden sich seit dem jedes Jahr erneut jüngere Mitglieder, aber vor allem bildete sich ein toller Zusammenhalt. Alle Komiteeschwestern entwickelten eine große Hochachtung vor den Lebenserfahrungen und dem&nbsp; Lebensalltag der jeweils anderen. &nbsp; &nbsp;</p>



<div class="wp-block-image"><figure class="aligncenter size-large is-resized"><img loading="lazy" decoding="async" src="http://dk-st-josef.de/wp-content/uploads/2021/02/Sessionsheft-12-2-edited.jpg" alt="" class="wp-image-722" width="418" height="234" srcset="http://dk-st-josef.de/wp-content/uploads/2021/02/Sessionsheft-12-2-edited.jpg 796w, http://dk-st-josef.de/wp-content/uploads/2021/02/Sessionsheft-12-2-edited-300x168.jpg 300w, http://dk-st-josef.de/wp-content/uploads/2021/02/Sessionsheft-12-2-edited-768x431.jpg 768w, http://dk-st-josef.de/wp-content/uploads/2021/02/Sessionsheft-12-2-edited-107x60.jpg 107w" sizes="auto, (max-width: 418px) 100vw, 418px" /></figure></div>



<p>Was liegt da näher, als ein Jubiläumsmotto, das zu uns passt, weil es eine unserer Eigenarten beschreibt:&nbsp;</p>



<p><strong><em>88 jecke Jahre,&nbsp;</em></strong></p>



<p><strong><em>Alt und Jung &#8211; das ist das Wahre!</em></strong></p>



<p>Wir freuen uns über die gelungene Mischung von Jung und Alt und sehen es als Ehrensache an, weiterhin, sowohl bei der Proklamation der Wäscherprinzessin mit dem gesamten Komitee einen kleinen Programmbeitrag zu leisten, als auch am Vorstellabend im November im Beueler Rathaus sich nicht zu schade zu sein, zu zeigen, was die Beueler Weiberfastnacht&nbsp; so alles an Selbstgemachtem zu bieten hat.&nbsp;</p>



<p>Brigitte Mohn</p>

<p>Unser Artikel im Sessionsheft der Wäscherprinzessin 1924 – 2012 8&#215;11 Jahre Damenkomitee der Katholischen Frauengemeinschaft St. Josef Genau hundert Jahre nach dem Start des organisierten &hellip; </p>
