{"id":907,"date":"2023-03-19T17:10:34","date_gmt":"2023-03-19T16:10:34","guid":{"rendered":"http:\/\/dk-st-josef.de\/?page_id=907"},"modified":"2023-03-20T11:21:48","modified_gmt":"2023-03-20T10:21:48","slug":"2016-2","status":"publish","type":"page","link":"http:\/\/dk-st-josef.de\/?page_id=907","title":{"rendered":"2016"},"content":{"rendered":"\n<p><span class=\"has-inline-color has-vivid-red-color\"><span class=\"has-inline-color has-vivid-red-color\"><strong><span class=\"has-inline-color has-vivid-red-color\">Unser Artikel im Sessionsheft der W\u00e4scherprinzessin<\/span><\/strong><\/span><\/span><\/p>\n\n\n\n<h3 class=\"wp-block-heading\">Nachwuchs-F\u00f6rderung im Damenkomitee St. Josef<\/h3>\n\n\n\n<p>Wir wissen: Es ist wichtig, schon in jungen Jahren zu erleben wie sch\u00f6n unser Beueler Brauchtums ist, damit immer wieder junge Menschen bereit sind, Zeit daf\u00fcr zu investieren, sich auf der B\u00fchne etwas zuzutrauen und  engagiert Aufgaben zu \u00fcbernehmen. Nicht erst durch die letztj\u00e4hrige, sehr gelungene Session mit unserer W\u00e4scherprinzessin Susanne II. (und auch  schon im Jahre 2010 mit unserer Lara I.) ist uns das deutlich geworden, denn Susanne und Lara haben schon als Kinder erste Erfahrungen im Karneval sammeln k\u00f6nnen, indem sie bei Veranstaltungen im Pfarrheim St. Josef auftreten durften. Also haben wir beschlossen, auch als Damenkomitee den Spa\u00df am Karneval an junge Menschen weiterzugeben. Man kann eben nicht fr\u00fch genug damit anfangen. Deshalb gibt es seit August diesen Jahres die Nachwuchs-Truppe \u201eRuut-wie\u00dfe M\u00e4dsche&#8220; in unserem Damenkomitee St. Josef. F\u00fcnf 11- bis 14-j\u00e4hrige M\u00e4dchen gehen im Weiberfastnachtszug mit und unterst\u00fctzen uns beim Empfang nach der Karnevalsmesse. Zu erkennen sind sie an H\u00e4ubchen, Komitee-Shirt und Halstuch. In K\u00fcrze beginnen die Proben f\u00fcr den ersten Sketch, mit dem man die Truppe auf unserer Frauensitzung am Karnevalssamstag, den 06. Februar 2016 in Aktion erleben kann.<\/p>\n\n\n\n<p>Unser diesj\u00e4hriger Komitee-Ausflug f\u00fchrte uns u.a. zur Ausstellung &#8222;Karl Lagerfeld MODEMETHODE&#8220; in die Bundeskunsthalle<\/p>\n\n\n\n<figure class=\"wp-block-image size-large\"><img loading=\"lazy\" decoding=\"async\" width=\"1120\" height=\"630\" src=\"http:\/\/dk-st-josef.de\/wp-content\/uploads\/2021\/02\/WP-Heft_final-2-edited.jpg\" alt=\"\" class=\"wp-image-740\" srcset=\"http:\/\/dk-st-josef.de\/wp-content\/uploads\/2021\/02\/WP-Heft_final-2-edited.jpg 1120w, http:\/\/dk-st-josef.de\/wp-content\/uploads\/2021\/02\/WP-Heft_final-2-edited-300x169.jpg 300w, http:\/\/dk-st-josef.de\/wp-content\/uploads\/2021\/02\/WP-Heft_final-2-edited-1024x576.jpg 1024w, http:\/\/dk-st-josef.de\/wp-content\/uploads\/2021\/02\/WP-Heft_final-2-edited-768x432.jpg 768w, http:\/\/dk-st-josef.de\/wp-content\/uploads\/2021\/02\/WP-Heft_final-2-edited-107x60.jpg 107w\" sizes=\"auto, (max-width: 1120px) 100vw, 1120px\" \/><\/figure>\n\n\n\n<p>Ausblick auf die Session 2016 f\u00fcr unser Damenkomitee St. Josef und die Karnevalsjecken rundum den Kirchturm St. Josef:<\/p>\n\n\n\n<p>Sonntag, 24.1.2016 11:15 Uhr Familienmesse mit der W\u00e4scherprinzessin und den Beueler Stadtsoldaten in der Josefskirche und anschlie\u00dfend karnevalistischer Fr\u00fchschoppen im Pfarrheim St. Josef <\/p>\n\n\n\n<p>Weiberfastnacht, 4.2.2016 D\u2019r Zoch k\u00fctt! Ab 10 Uhr Moderation, Musik und geselliges Beisammensein vor dem Pfarrb\u00fcro.<\/p>\n\n\n\n<p>Karnevalssamstag, 6.2.2016 14:30 Uhr Frauensitzung im Pfarrheim St. Josef mit selbstgemachten Programm, der kleinen und gro\u00dfen W\u00e4scherprinzessin, dem K\u00f6lner Original \u201eTr\u00f6\u00f6temann Kalle Jansen\u201c, M\u00e4nnerballet u.v.m.. Ab 18 Uhr sind auch M\u00e4nner herzlich als G\u00e4ste willkommen.<\/p>\n\n\n\n<p>Karnevalssamstag, 6.2.2016, ab 20:00 Uhr Karnevalsparty f\u00fcr Jung und Alt, Frau und Mann <\/p>\n\n\n\n<p>Karnevalsdienstag, 9.2.2016 15:00 Uhr Kinderkost\u00fcmfest im Pfarrheim St. Josef. Karten an der Tageskasse.<\/p>\n\n\n\n<div class=\"wp-block-image\"><figure class=\"aligncenter size-large is-resized\"><img loading=\"lazy\" decoding=\"async\" src=\"http:\/\/dk-st-josef.de\/wp-content\/uploads\/2021\/02\/WP-Heft_final-3.jpg\" alt=\"\" class=\"wp-image-741\" width=\"431\" height=\"431\" srcset=\"http:\/\/dk-st-josef.de\/wp-content\/uploads\/2021\/02\/WP-Heft_final-3.jpg 824w, http:\/\/dk-st-josef.de\/wp-content\/uploads\/2021\/02\/WP-Heft_final-3-300x300.jpg 300w, http:\/\/dk-st-josef.de\/wp-content\/uploads\/2021\/02\/WP-Heft_final-3-150x150.jpg 150w, http:\/\/dk-st-josef.de\/wp-content\/uploads\/2021\/02\/WP-Heft_final-3-768x768.jpg 768w, http:\/\/dk-st-josef.de\/wp-content\/uploads\/2021\/02\/WP-Heft_final-3-60x60.jpg 60w\" sizes=\"auto, (max-width: 431px) 100vw, 431px\" \/><\/figure><\/div>\n\n\n\n<p>Mehrgenerationen-Schunkeln:<\/p>\n\n\n\n<p>Mutter Gisela, Tochter Christiane und Enkelin Kathi P\u00e4tz sind Mitglied im Damenkomitee St. Josef. Im Hintergrund Enkel Sebastian, der als Fahrer der W\u00e4scherprinzessin nat\u00fcrlich auch im Karneval aktiv ist.<\/p>\n","protected":false},"excerpt":{"rendered":"<p>Unser Artikel im Sessionsheft der W\u00e4scherprinzessin Nachwuchs-F\u00f6rderung im Damenkomitee St. Josef Wir wissen: Es ist wichtig, schon in jungen Jahren zu erleben wie sch\u00f6n unser &hellip; <\/p>\n","protected":false},"author":1,"featured_media":0,"parent":645,"menu_order":8,"comment_status":"closed","ping_status":"closed","template":"","meta":{"footnotes":""},"class_list":["post-907","page","type-page","status-publish","hentry","latest_post"],"_links":{"self":[{"href":"http:\/\/dk-st-josef.de\/index.php?rest_route=\/wp\/v2\/pages\/907","targetHints":{"allow":["GET"]}}],"collection":[{"href":"http:\/\/dk-st-josef.de\/index.php?rest_route=\/wp\/v2\/pages"}],"about":[{"href":"http:\/\/dk-st-josef.de\/index.php?rest_route=\/wp\/v2\/types\/page"}],"author":[{"embeddable":true,"href":"http:\/\/dk-st-josef.de\/index.php?rest_route=\/wp\/v2\/users\/1"}],"replies":[{"embeddable":true,"href":"http:\/\/dk-st-josef.de\/index.php?rest_route=%2Fwp%2Fv2%2Fcomments&post=907"}],"version-history":[{"count":7,"href":"http:\/\/dk-st-josef.de\/index.php?rest_route=\/wp\/v2\/pages\/907\/revisions"}],"predecessor-version":[{"id":1015,"href":"http:\/\/dk-st-josef.de\/index.php?rest_route=\/wp\/v2\/pages\/907\/revisions\/1015"}],"up":[{"embeddable":true,"href":"http:\/\/dk-st-josef.de\/index.php?rest_route=\/wp\/v2\/pages\/645"}],"wp:attachment":[{"href":"http:\/\/dk-st-josef.de\/index.php?rest_route=%2Fwp%2Fv2%2Fmedia&parent=907"}],"curies":[{"name":"wp","href":"https:\/\/api.w.org\/{rel}","templated":true}]}}