{"id":895,"date":"2023-03-19T17:08:24","date_gmt":"2023-03-19T16:08:24","guid":{"rendered":"http:\/\/dk-st-josef.de\/?page_id=895"},"modified":"2023-03-20T11:20:13","modified_gmt":"2023-03-20T10:20:13","slug":"2019-2","status":"publish","type":"page","link":"http:\/\/dk-st-josef.de\/?page_id=895","title":{"rendered":"2019"},"content":{"rendered":"\n<p><span class=\"has-inline-color has-vivid-red-color\"><span class=\"has-inline-color has-vivid-red-color\"><strong><span class=\"has-inline-color has-vivid-red-color\">Unser Artikel im Sessionsheft der W\u00e4scherprinzessin<\/span><\/strong><\/span><\/span><\/p>\n\n\n\n<h3 class=\"wp-block-heading\">Mein erstes Jahr im Damenkomitee St. Josef<\/h3>\n\n\n\n<p>Die Karnevalssitzung des Damenkomiteesder kfd St. Josef war f\u00fcr mich viele Jahreeine Dauerbelastung der Lachmuskulatur.Folglich freute es mich, als meine damals 13j\u00e4hrige Tochter 2015 auf eine Werbung des Damenkomitees um junge Mitglieder ansprang. Mit Spa\u00df an der Freud verfolgte ich mit m\u00fctterlicher Distanz ein paar Jahre die Vorbereitungen und vor allem die B\u00fchnenauftritte des Nachwuchses: sieben neue M\u00e4dels tanzten als j\u00fcngste Mitglieder auf der B\u00fchne. Das harmonische Miteinander dieser tollen Frauentruppe beeindruckte mich: eine gro\u00dfe Bandbreite an Talenten, Courage, Humor unterschiedlichen Alters. Die Generationen zwischen 16 und 90 Jahren standen zusammen als EIN Damenkomitee auf der B\u00fchne! 2018 bekamen auch wir M\u00fctter, deren T\u00f6chter ins Damenkomitee eingetreten waren, das Angebot der Mitgliedschaft. Neben ganz viel Lust und Freude auf das Mitmachen, kamen aber auch die inneren Bedenkentr\u00e4ger: Du hast keine Zeit; du kannst nicht n\u00e4hen oder singen\u2026 . So kam mir das \u201eProbejahr der Mitgliedschaft\u201c auch sehr entgegen. Dass das Damenkomitee keine Grenzen kennt, zeigt nicht nur meine Aufnahme aus der \u201eHelau-Region\u201c Niederrhein (aber 20 Jahre Beuel haben mich ziemlich gepr\u00e4gt), sondern auch die gleichzeitige Aufnahme unserer Martina, die mit s\u00e4chsischem Akzent den ein oder anderen Knaller auf der B\u00fchne bringt. Bevor wir vier Neuen Karnevalsluft in UNSEREM Damenkomitee schnupperten, brauchten wir unser Outfit mit R\u00f6ckchen, J\u00f6ppchen, H\u00e4ubchen, Schiffchen und nat\u00fcrlich \u201edr L\u00f6ffel met ner Botz\u201c.<\/p>\n\n\n\n<p> Und dann ging es ab dem 11.11.2018 richtig los, denn \u201eWir waren W\u00e4scherprinzessin\u201c! Unsere Lieblichkeit Ariane I. kam aus unserem Damenkomitee!! Also keine Gnade f\u00fcr Wade und den Terminkalender: die W\u00e4scherprinzessin durfte nicht ohne ihren Hofstaat reisen. Wir Neuen lernten schnell, was so eine Lieblichkeit f\u00fcr Vorlieben hat \u2013 ohne Essen und Trinken lief nat\u00fcrlich nichts. Wir umsorgenden die Komiteefrauen und hatten von unseren frechen und pfiffigen M\u00e4dels ruckzuck den Spitznamen \u201eTuppi-Mutti\u201c. Von Auftritt zu Auftritt ging es mit unseren zuverl\u00e4ssigen und umsorgenden Fahrern Kalle, Sebastian und Gereon und der jeder Lage gewachsenen Oberm\u00f6hn Ina. F\u00fcr jede Situation gab es eine L\u00f6sung, wie z.B. mal eben schnell eine neue Strumpfhose f\u00fcr die Oberm\u00f6hn kaufen oder eine Spontantour mit den Beueler Stadtsoldaten nach Essen.<\/p>\n\n\n\n<p>Wer denkt, dass sich die Komiteeschwestern zwischen den Auftritten erholen wollten \u2013 oh nein. Je oller, je doller: w\u00e4hrend der Autofahrt liefen die besten Karnevalskracher und der ein oder andere Fahrer im Wagen hinter uns glaubte vermutlich eher an Schwindelanf\u00e4lle seinerseits als an die M\u00f6glichkeit eines schunkelnden Autos vor sich. Beim Beueler Zug und dem Rathaussturm war mit den Jecken auch die Sonne in Hochform. Es waren eher die Schwei\u00df- statt die Regentropfen, die unter unseren Per\u00fccken zu Fu\u00df, auf dem Wagen oder auf unseren speziellen \u201ePferden\u201c, den hotte-h\u00fc-Cyclettes hervorkamen.<\/p>\n\n\n\n<p>Je n\u00e4her das Gro\u00dfereignis \u201eSitzung\u201c r\u00fcckte, desto spannender wurde es. In der Vorbereitung habe ich erfahren, dass mir im Damenkomitee Dinge passieren, die ich nie f\u00fcr m\u00f6glich gehalten h\u00e4tte. Ich war noch nie mit meiner N\u00e4hmaschine ein Herz und eine Seele. Aber beim Basteln der Orden habe ich diese entstaubt. F\u00fcr die wahren Herausforderungen gibt es bei den Komiteeschwestern gro\u00dfe Talente. Nat\u00fcrlich wurde auch ein Foto beim Ordenbasteln geknipst. Aber als ich dieses Foto Wochen sp\u00e4ter in der Zeitung sah, merkte ich mal wieder, nichts ist unm\u00f6glich in diesem Damenkomitee: ich mit N\u00e4hmaschine in der Zeitung. Dann kam DER TAG: unsere Damensitzung an Karnevalssamstag. Viel Zuspruch und Unterst\u00fctzung erfuhren wir Neuen von unserer Pr\u00e4sidentin Bitti Mohn und den Damenkomiteeschwestern. Zum Gl\u00fcck war die Generalprobe noch holprig, so dass bei der Sitzung das meiste glatt lief. Auf der B\u00fchne hatten wir die M\u00f6glichkeit mal Charaktere zu sein, die wir im Alltag verpassen: wer will nicht mal poetisch wie Goethe oder attraktiv wie Edith Piaf sein? <\/p>\n\n\n\n<div class=\"wp-block-image\"><figure class=\"aligncenter size-large is-resized\"><img loading=\"lazy\" decoding=\"async\" src=\"http:\/\/dk-st-josef.de\/wp-content\/uploads\/2021\/02\/WP-Heft-19-20-einseitig-3-edited.jpg\" alt=\"\" class=\"wp-image-760\" width=\"590\" height=\"332\" srcset=\"http:\/\/dk-st-josef.de\/wp-content\/uploads\/2021\/02\/WP-Heft-19-20-einseitig-3-edited.jpg 1388w, http:\/\/dk-st-josef.de\/wp-content\/uploads\/2021\/02\/WP-Heft-19-20-einseitig-3-edited-300x169.jpg 300w, http:\/\/dk-st-josef.de\/wp-content\/uploads\/2021\/02\/WP-Heft-19-20-einseitig-3-edited-1024x576.jpg 1024w, http:\/\/dk-st-josef.de\/wp-content\/uploads\/2021\/02\/WP-Heft-19-20-einseitig-3-edited-768x432.jpg 768w, http:\/\/dk-st-josef.de\/wp-content\/uploads\/2021\/02\/WP-Heft-19-20-einseitig-3-edited-107x60.jpg 107w\" sizes=\"auto, (max-width: 590px) 100vw, 590px\" \/><\/figure><\/div>\n\n\n\n<p>Auch der Kampf ums freie Klo im Westerwaldstern geh\u00f6rte bis dato noch nicht zu meinen Lebenserfahrungen. Und unser tolles Publikum machte wunderbar mit! Falsch gedacht, wer meint, im Damenkomitee sind die Frauen nur in der Session aktiv: so war der Komiteeausflug 2019 die Fahrt nach Mirecourt anl\u00e4sslich des 50j\u00e4hrigen Bestehens der St\u00e4dtepartnerschaft Mirecourt- Beuel. Drei gro\u00dfe Busse mit dem Partnerschaftskomitee, mit Mitarbeitern der Bezirksvertretung, dem Bezirksb\u00fcrgermeister und anderen Beueler Vereinen machten sich vom 21.-23.Juni 2019 auf in die Vogesen. Der Karneval verbindet auch beide St\u00e4dte: nicht nur, dass zu Karneval eine Delegation aus Mirecourt in Beuel mitfeiert, sondern auch 1968 und 1994 kam die W\u00e4scherprinzessinen aus Mirecourt. Die Freunde aus Mirecourt hatten f\u00fcr uns ein buntes Programm mit verschiedenen Besichtigungen und Wanderungen auf die Beine gestellt. Highlight war der bunte Abend am Samstag mit einem vielf\u00e4ltigen B\u00fchnenprogramm aus Mirecourt und Beuel. Auch wir gaben unsere \u201eFrankreich, Frankreich\u201c Nummer mit Napoleon, jecken Franzosen und Rheinl\u00e4ndern zum Besten und steckten Lucy I. in die Hauptrolle, was sie mir Bravour meisterte. Dass der Beginn der Partnerschaft eine mutige Kontaktaufnahme des Mirecourter Pastors an seinen Kollegen in Schwarzrheindorf nach dem zweiten Weltkrieg war, betonte der deutsch-franz\u00f6sische Gottesdienst am Sonntag. Frieden und Freiheit machen solch eine St\u00e4dtepartnerschaft erst m\u00f6glich. So k\u00f6nnen wir \u201eNeuen\u201c auf ein aufregendes und sehr bewegtes erstes Jahr im Damenkomitee zur\u00fcckblicken. Ich freue mich auf weitere Jahre mit \u201ede jecke Wiever vom Damenkomitee der kfd St. Josef\u201c und w\u00fcnsche mir, dass der Beueler Karneval in Toleranz der jecken Vielfalt die Menschen verbindet und ein Gemeinschaftsgef\u00fchl f\u00fcr unser Beuel unterst\u00fctzt, denn \u201emir sin all de Jecke vom Beuel am Rhing\u201c. <\/p>\n\n\n\n<div class=\"wp-block-image\"><figure class=\"aligncenter size-large is-resized\"><img loading=\"lazy\" decoding=\"async\" src=\"http:\/\/dk-st-josef.de\/wp-content\/uploads\/2021\/02\/WP-Heft-19-20-einseitig-2.jpg\" alt=\"\" class=\"wp-image-758\" width=\"401\" height=\"373\" srcset=\"http:\/\/dk-st-josef.de\/wp-content\/uploads\/2021\/02\/WP-Heft-19-20-einseitig-2.jpg 797w, http:\/\/dk-st-josef.de\/wp-content\/uploads\/2021\/02\/WP-Heft-19-20-einseitig-2-300x280.jpg 300w, http:\/\/dk-st-josef.de\/wp-content\/uploads\/2021\/02\/WP-Heft-19-20-einseitig-2-768x716.jpg 768w, http:\/\/dk-st-josef.de\/wp-content\/uploads\/2021\/02\/WP-Heft-19-20-einseitig-2-64x60.jpg 64w\" sizes=\"auto, (max-width: 401px) 100vw, 401px\" \/><\/figure><\/div>\n\n\n\n<p>Ulrike R\u00f6tten<\/p>\n","protected":false},"excerpt":{"rendered":"<p>Unser Artikel im Sessionsheft der W\u00e4scherprinzessin Mein erstes Jahr im Damenkomitee St. Josef Die Karnevalssitzung des Damenkomiteesder kfd St. Josef war f\u00fcr mich viele Jahreeine &hellip; <\/p>\n","protected":false},"author":1,"featured_media":0,"parent":645,"menu_order":5,"comment_status":"closed","ping_status":"closed","template":"","meta":{"footnotes":""},"class_list":["post-895","page","type-page","status-publish","hentry","latest_post"],"_links":{"self":[{"href":"http:\/\/dk-st-josef.de\/index.php?rest_route=\/wp\/v2\/pages\/895","targetHints":{"allow":["GET"]}}],"collection":[{"href":"http:\/\/dk-st-josef.de\/index.php?rest_route=\/wp\/v2\/pages"}],"about":[{"href":"http:\/\/dk-st-josef.de\/index.php?rest_route=\/wp\/v2\/types\/page"}],"author":[{"embeddable":true,"href":"http:\/\/dk-st-josef.de\/index.php?rest_route=\/wp\/v2\/users\/1"}],"replies":[{"embeddable":true,"href":"http:\/\/dk-st-josef.de\/index.php?rest_route=%2Fwp%2Fv2%2Fcomments&post=895"}],"version-history":[{"count":6,"href":"http:\/\/dk-st-josef.de\/index.php?rest_route=\/wp\/v2\/pages\/895\/revisions"}],"predecessor-version":[{"id":1012,"href":"http:\/\/dk-st-josef.de\/index.php?rest_route=\/wp\/v2\/pages\/895\/revisions\/1012"}],"up":[{"embeddable":true,"href":"http:\/\/dk-st-josef.de\/index.php?rest_route=\/wp\/v2\/pages\/645"}],"wp:attachment":[{"href":"http:\/\/dk-st-josef.de\/index.php?rest_route=%2Fwp%2Fv2%2Fmedia&parent=895"}],"curies":[{"name":"wp","href":"https:\/\/api.w.org\/{rel}","templated":true}]}}

<p><span class="has-inline-color has-vivid-red-color"><span class="has-inline-color has-vivid-red-color"><strong><span class="has-inline-color has-vivid-red-color">Unser Artikel im Sessionsheft der Wäscherprinzessin</span></strong></span></span></p>



<h3 class="wp-block-heading">Mein erstes Jahr im Damenkomitee St. Josef</h3>



<p>Die Karnevalssitzung des Damenkomiteesder kfd St. Josef war für mich viele Jahreeine Dauerbelastung der Lachmuskulatur.Folglich freute es mich, als meine damals 13jährige Tochter 2015 auf eine Werbung des Damenkomitees um junge Mitglieder ansprang. Mit Spaß an der Freud verfolgte ich mit mütterlicher Distanz ein paar Jahre die Vorbereitungen und vor allem die Bühnenauftritte des Nachwuchses: sieben neue Mädels tanzten als jüngste Mitglieder auf der Bühne. Das harmonische Miteinander dieser tollen Frauentruppe beeindruckte mich: eine große Bandbreite an Talenten, Courage, Humor unterschiedlichen Alters. Die Generationen zwischen 16 und 90 Jahren standen zusammen als EIN Damenkomitee auf der Bühne! 2018 bekamen auch wir Mütter, deren Töchter ins Damenkomitee eingetreten waren, das Angebot der Mitgliedschaft. Neben ganz viel Lust und Freude auf das Mitmachen, kamen aber auch die inneren Bedenkenträger: Du hast keine Zeit; du kannst nicht nähen oder singen… . So kam mir das „Probejahr der Mitgliedschaft“ auch sehr entgegen. Dass das Damenkomitee keine Grenzen kennt, zeigt nicht nur meine Aufnahme aus der „Helau-Region“ Niederrhein (aber 20 Jahre Beuel haben mich ziemlich geprägt), sondern auch die gleichzeitige Aufnahme unserer Martina, die mit sächsischem Akzent den ein oder anderen Knaller auf der Bühne bringt. Bevor wir vier Neuen Karnevalsluft in UNSEREM Damenkomitee schnupperten, brauchten wir unser Outfit mit Röckchen, Jöppchen, Häubchen, Schiffchen und natürlich „dr Löffel met ner Botz“.</p>



<p> Und dann ging es ab dem 11.11.2018 richtig los, denn „Wir waren Wäscherprinzessin“! Unsere Lieblichkeit Ariane I. kam aus unserem Damenkomitee!! Also keine Gnade für Wade und den Terminkalender: die Wäscherprinzessin durfte nicht ohne ihren Hofstaat reisen. Wir Neuen lernten schnell, was so eine Lieblichkeit für Vorlieben hat – ohne Essen und Trinken lief natürlich nichts. Wir umsorgenden die Komiteefrauen und hatten von unseren frechen und pfiffigen Mädels ruckzuck den Spitznamen „Tuppi-Mutti“. Von Auftritt zu Auftritt ging es mit unseren zuverlässigen und umsorgenden Fahrern Kalle, Sebastian und Gereon und der jeder Lage gewachsenen Obermöhn Ina. Für jede Situation gab es eine Lösung, wie z.B. mal eben schnell eine neue Strumpfhose für die Obermöhn kaufen oder eine Spontantour mit den Beueler Stadtsoldaten nach Essen.</p>



<p>Wer denkt, dass sich die Komiteeschwestern zwischen den Auftritten erholen wollten – oh nein. Je oller, je doller: während der Autofahrt liefen die besten Karnevalskracher und der ein oder andere Fahrer im Wagen hinter uns glaubte vermutlich eher an Schwindelanfälle seinerseits als an die Möglichkeit eines schunkelnden Autos vor sich. Beim Beueler Zug und dem Rathaussturm war mit den Jecken auch die Sonne in Hochform. Es waren eher die Schweiß- statt die Regentropfen, die unter unseren Perücken zu Fuß, auf dem Wagen oder auf unseren speziellen „Pferden“, den hotte-hü-Cyclettes hervorkamen.</p>



<p>Je näher das Großereignis „Sitzung“ rückte, desto spannender wurde es. In der Vorbereitung habe ich erfahren, dass mir im Damenkomitee Dinge passieren, die ich nie für möglich gehalten hätte. Ich war noch nie mit meiner Nähmaschine ein Herz und eine Seele. Aber beim Basteln der Orden habe ich diese entstaubt. Für die wahren Herausforderungen gibt es bei den Komiteeschwestern große Talente. Natürlich wurde auch ein Foto beim Ordenbasteln geknipst. Aber als ich dieses Foto Wochen später in der Zeitung sah, merkte ich mal wieder, nichts ist unmöglich in diesem Damenkomitee: ich mit Nähmaschine in der Zeitung. Dann kam DER TAG: unsere Damensitzung an Karnevalssamstag. Viel Zuspruch und Unterstützung erfuhren wir Neuen von unserer Präsidentin Bitti Mohn und den Damenkomiteeschwestern. Zum Glück war die Generalprobe noch holprig, so dass bei der Sitzung das meiste glatt lief. Auf der Bühne hatten wir die Möglichkeit mal Charaktere zu sein, die wir im Alltag verpassen: wer will nicht mal poetisch wie Goethe oder attraktiv wie Edith Piaf sein? </p>



<div class="wp-block-image"><figure class="aligncenter size-large is-resized"><img loading="lazy" decoding="async" src="http://dk-st-josef.de/wp-content/uploads/2021/02/WP-Heft-19-20-einseitig-3-edited.jpg" alt="" class="wp-image-760" width="590" height="332" srcset="http://dk-st-josef.de/wp-content/uploads/2021/02/WP-Heft-19-20-einseitig-3-edited.jpg 1388w, http://dk-st-josef.de/wp-content/uploads/2021/02/WP-Heft-19-20-einseitig-3-edited-300x169.jpg 300w, http://dk-st-josef.de/wp-content/uploads/2021/02/WP-Heft-19-20-einseitig-3-edited-1024x576.jpg 1024w, http://dk-st-josef.de/wp-content/uploads/2021/02/WP-Heft-19-20-einseitig-3-edited-768x432.jpg 768w, http://dk-st-josef.de/wp-content/uploads/2021/02/WP-Heft-19-20-einseitig-3-edited-107x60.jpg 107w" sizes="auto, (max-width: 590px) 100vw, 590px" /></figure></div>



<p>Auch der Kampf ums freie Klo im Westerwaldstern gehörte bis dato noch nicht zu meinen Lebenserfahrungen. Und unser tolles Publikum machte wunderbar mit! Falsch gedacht, wer meint, im Damenkomitee sind die Frauen nur in der Session aktiv: so war der Komiteeausflug 2019 die Fahrt nach Mirecourt anlässlich des 50jährigen Bestehens der Städtepartnerschaft Mirecourt- Beuel. Drei große Busse mit dem Partnerschaftskomitee, mit Mitarbeitern der Bezirksvertretung, dem Bezirksbürgermeister und anderen Beueler Vereinen machten sich vom 21.-23.Juni 2019 auf in die Vogesen. Der Karneval verbindet auch beide Städte: nicht nur, dass zu Karneval eine Delegation aus Mirecourt in Beuel mitfeiert, sondern auch 1968 und 1994 kam die Wäscherprinzessinen aus Mirecourt. Die Freunde aus Mirecourt hatten für uns ein buntes Programm mit verschiedenen Besichtigungen und Wanderungen auf die Beine gestellt. Highlight war der bunte Abend am Samstag mit einem vielfältigen Bühnenprogramm aus Mirecourt und Beuel. Auch wir gaben unsere „Frankreich, Frankreich“ Nummer mit Napoleon, jecken Franzosen und Rheinländern zum Besten und steckten Lucy I. in die Hauptrolle, was sie mir Bravour meisterte. Dass der Beginn der Partnerschaft eine mutige Kontaktaufnahme des Mirecourter Pastors an seinen Kollegen in Schwarzrheindorf nach dem zweiten Weltkrieg war, betonte der deutsch-französische Gottesdienst am Sonntag. Frieden und Freiheit machen solch eine Städtepartnerschaft erst möglich. So können wir „Neuen“ auf ein aufregendes und sehr bewegtes erstes Jahr im Damenkomitee zurückblicken. Ich freue mich auf weitere Jahre mit „de jecke Wiever vom Damenkomitee der kfd St. Josef“ und wünsche mir, dass der Beueler Karneval in Toleranz der jecken Vielfalt die Menschen verbindet und ein Gemeinschaftsgefühl für unser Beuel unterstützt, denn „mir sin all de Jecke vom Beuel am Rhing“. </p>



<div class="wp-block-image"><figure class="aligncenter size-large is-resized"><img loading="lazy" decoding="async" src="http://dk-st-josef.de/wp-content/uploads/2021/02/WP-Heft-19-20-einseitig-2.jpg" alt="" class="wp-image-758" width="401" height="373" srcset="http://dk-st-josef.de/wp-content/uploads/2021/02/WP-Heft-19-20-einseitig-2.jpg 797w, http://dk-st-josef.de/wp-content/uploads/2021/02/WP-Heft-19-20-einseitig-2-300x280.jpg 300w, http://dk-st-josef.de/wp-content/uploads/2021/02/WP-Heft-19-20-einseitig-2-768x716.jpg 768w, http://dk-st-josef.de/wp-content/uploads/2021/02/WP-Heft-19-20-einseitig-2-64x60.jpg 64w" sizes="auto, (max-width: 401px) 100vw, 401px" /></figure></div>



<p>Ulrike Rötten</p>

<p>Unser Artikel im Sessionsheft der Wäscherprinzessin Mein erstes Jahr im Damenkomitee St. Josef Die Karnevalssitzung des Damenkomiteesder kfd St. Josef war für mich viele Jahreeine &hellip; </p>
