{"id":893,"date":"2023-03-19T17:07:44","date_gmt":"2023-03-19T16:07:44","guid":{"rendered":"http:\/\/dk-st-josef.de\/?page_id=893"},"modified":"2023-03-20T11:19:41","modified_gmt":"2023-03-20T10:19:41","slug":"2020-2","status":"publish","type":"page","link":"http:\/\/dk-st-josef.de\/?page_id=893","title":{"rendered":"2020"},"content":{"rendered":"\n<p><span class=\"has-inline-color has-vivid-red-color\"><span class=\"has-inline-color has-vivid-red-color\"><strong><span class=\"has-inline-color has-vivid-red-color\">Unser Artikel im Sessionsheft der W\u00e4scherprinzessin<\/span><\/strong><\/span><\/span><\/p>\n\n\n\n<h3 class=\"wp-block-heading\">BTHVN und das DK St. Josef<\/h3>\n\n\n\n<p>Beethoven und das DK St. Josef passen prima zusammen, denn sein Jubil\u00e4um hat unser Damenkomitee so begeistert, dass wir in der Session 2020 bei vielen Gelegenheiten Beethoven integriert haben: Zun\u00e4chst in unser Motto: \u201eManege frei-Beethoven dabei!\u201c.<\/p>\n\n\n\n<div class=\"wp-block-image\"><figure class=\"aligncenter size-large is-resized\"><img loading=\"lazy\" decoding=\"async\" src=\"http:\/\/dk-st-josef.de\/wp-content\/uploads\/2023\/03\/WP-Heft-20-21-80seitig-5-edited.jpg\" alt=\"\" class=\"wp-image-1010\" width=\"403\" height=\"301\" srcset=\"http:\/\/dk-st-josef.de\/wp-content\/uploads\/2023\/03\/WP-Heft-20-21-80seitig-5-edited.jpg 756w, http:\/\/dk-st-josef.de\/wp-content\/uploads\/2023\/03\/WP-Heft-20-21-80seitig-5-edited-300x225.jpg 300w, http:\/\/dk-st-josef.de\/wp-content\/uploads\/2023\/03\/WP-Heft-20-21-80seitig-5-edited-80x60.jpg 80w\" sizes=\"auto, (max-width: 403px) 100vw, 403px\" \/><\/figure><\/div>\n\n\n\n<p>Wir haben Beethoven in unsere Zirkusmanege im Weiberfastnachtszug eingeladen. Er war mit seinem Fl\u00fcgel dabei. Nur sein virtuoses Klavierspiel kam beim Feiern nicht so richtig zur Geltung. Auf unserer Frauensitzung an Karnevalssamstag er\u00f6ffnete Beethoven (Kajo Kusen in der Rolle des Beethovens) unsere Sitzung mit einem am\u00fcsanten und auch kritischen Jahresr\u00fcckblick auf die gesellschaftlichen und politischen Geschehnisse in Bonn und Beuel. Und im gro\u00dfen Finale konnten wir \u201ebeweisen\u201c, dass viele Karnevalsschlager ihren Ursprung in Beethovens Kompositionen haben und Beethoven selbst tief in seinem Innersten Karnevalist war.<\/p>\n\n\n\n<div class=\"wp-block-image\"><figure class=\"aligncenter size-large is-resized\"><img loading=\"lazy\" decoding=\"async\" src=\"http:\/\/dk-st-josef.de\/wp-content\/uploads\/2021\/02\/WP-Heft-20-21-80seitig-6-edited.jpg\" alt=\"\" class=\"wp-image-763\" width=\"551\" height=\"308\" srcset=\"http:\/\/dk-st-josef.de\/wp-content\/uploads\/2021\/02\/WP-Heft-20-21-80seitig-6-edited-300x169.jpg 300w, http:\/\/dk-st-josef.de\/wp-content\/uploads\/2021\/02\/WP-Heft-20-21-80seitig-6-edited-1024x575.jpg 1024w, http:\/\/dk-st-josef.de\/wp-content\/uploads\/2021\/02\/WP-Heft-20-21-80seitig-6-edited-768x431.jpg 768w, http:\/\/dk-st-josef.de\/wp-content\/uploads\/2021\/02\/WP-Heft-20-21-80seitig-6-edited-107x60.jpg 107w\" sizes=\"auto, (max-width: 551px) 100vw, 551px\" \/><\/figure><\/div>\n\n\n\n<p>Es war naheliegend unseren Damenkomitee-Ausflug Ende August coronakonform nach Bonn zu verlegen- ein Tag zum Thema Beethoven. Nat\u00fcrlich nicht bierernst, aber gestartet wurde mit einer F\u00fchrung im Beethoven-Haus.<\/p>\n\n\n\n<div class=\"wp-block-image\"><figure class=\"aligncenter size-large is-resized\"><img loading=\"lazy\" decoding=\"async\" src=\"http:\/\/dk-st-josef.de\/wp-content\/uploads\/2021\/02\/WP-Heft-20-21-80seitig-7-edited.jpg\" alt=\"\" class=\"wp-image-765\" width=\"542\" height=\"305\" srcset=\"http:\/\/dk-st-josef.de\/wp-content\/uploads\/2021\/02\/WP-Heft-20-21-80seitig-7-edited.jpg 1361w, http:\/\/dk-st-josef.de\/wp-content\/uploads\/2021\/02\/WP-Heft-20-21-80seitig-7-edited-300x169.jpg 300w, http:\/\/dk-st-josef.de\/wp-content\/uploads\/2021\/02\/WP-Heft-20-21-80seitig-7-edited-1024x576.jpg 1024w, http:\/\/dk-st-josef.de\/wp-content\/uploads\/2021\/02\/WP-Heft-20-21-80seitig-7-edited-768x432.jpg 768w, http:\/\/dk-st-josef.de\/wp-content\/uploads\/2021\/02\/WP-Heft-20-21-80seitig-7-edited-107x60.jpg 107w\" sizes=\"auto, (max-width: 542px) 100vw, 542px\" \/><\/figure><\/div>\n\n\n\n<p>Anschlie\u00dfend ging\u2018s in Kleingruppen auf den preisgekr\u00f6nten Beethoven-Rundgang mit Aufgaben, die nur singend, dichtend und vor allem mit viel Spa\u00df zu l\u00f6sen waren. (Ein gro\u00dfes Dankesch\u00f6n an unsere Katja und Karo f\u00fcr die Vorbereitung.)<\/p>\n\n\n\n<p>Am Beueler Bahnhof gab es vor der Abfahrt zum Eltzhof nicht nur den obligatorischen Sektstand unserer \u201ePr\u00e4sidenten\u201c, <\/p>\n\n\n\n<div class=\"wp-block-image\"><figure class=\"aligncenter size-large is-resized\"><img loading=\"lazy\" decoding=\"async\" src=\"http:\/\/dk-st-josef.de\/wp-content\/uploads\/2021\/02\/WP-Heft-20-21-80seitig-8-edited.jpg\" alt=\"\" class=\"wp-image-767\" width=\"512\" height=\"288\" srcset=\"http:\/\/dk-st-josef.de\/wp-content\/uploads\/2021\/02\/WP-Heft-20-21-80seitig-8-edited.jpg 980w, http:\/\/dk-st-josef.de\/wp-content\/uploads\/2021\/02\/WP-Heft-20-21-80seitig-8-edited-300x169.jpg 300w, http:\/\/dk-st-josef.de\/wp-content\/uploads\/2021\/02\/WP-Heft-20-21-80seitig-8-edited-768x432.jpg 768w, http:\/\/dk-st-josef.de\/wp-content\/uploads\/2021\/02\/WP-Heft-20-21-80seitig-8-edited-107x60.jpg 107w\" sizes=\"auto, (max-width: 512px) 100vw, 512px\" \/><\/figure><\/div>\n\n\n\n<p>sondern auch f\u00fcr alle die DK-eigenen Corona Masken, so dass wir perfekt gekleidet in eine neue Session starten k\u00f6nnten. <\/p>\n\n\n\n<div class=\"wp-block-image\"><figure class=\"aligncenter size-large is-resized\"><img loading=\"lazy\" decoding=\"async\" src=\"http:\/\/dk-st-josef.de\/wp-content\/uploads\/2021\/02\/WP-Heft-20-21-80seitig-9-edited.jpg\" alt=\"\" class=\"wp-image-769\" width=\"522\" height=\"293\" srcset=\"http:\/\/dk-st-josef.de\/wp-content\/uploads\/2021\/02\/WP-Heft-20-21-80seitig-9-edited.jpg 899w, http:\/\/dk-st-josef.de\/wp-content\/uploads\/2021\/02\/WP-Heft-20-21-80seitig-9-edited-300x169.jpg 300w, http:\/\/dk-st-josef.de\/wp-content\/uploads\/2021\/02\/WP-Heft-20-21-80seitig-9-edited-768x432.jpg 768w, http:\/\/dk-st-josef.de\/wp-content\/uploads\/2021\/02\/WP-Heft-20-21-80seitig-9-edited-107x60.jpg 107w\" sizes=\"auto, (max-width: 522px) 100vw, 522px\" \/><\/figure><\/div>\n\n\n\n<p>Wir haben Lena I. und den W\u00e4scherinnen Judith (aus unserem Damenkomitee St. Josef) und Janina ganz feste die Daumen gedr\u00fcckt und sie am 11.11. mit einem selbstgedrehten Gratulationsvideo \u00fcberrascht. Unsere Hoffnung war, dass sie trotz aller Einschr\u00e4nkungen sch\u00f6ne und beeindruckende Erlebnisse haben w\u00fcrden- andere, aber eben auch besondere.<\/p>\n\n\n\n<p>Wir freuen uns auf eine coronakonforme, kleine, aber feine digitale Session 2021. F\u00fcr unsere Besucherinnen der Frauensitzung gestalten wir eine kleine \u00dcberraschung, die den Karneval nach Hause ins Wohnzimmer bringen soll.<\/p>\n\n\n\n<p><strong>3x Beuel Alaaf<\/strong><\/p>\n","protected":false},"excerpt":{"rendered":"<p>Unser Artikel im Sessionsheft der W\u00e4scherprinzessin BTHVN und das DK St. Josef Beethoven und das DK St. Josef passen prima zusammen, denn sein Jubil\u00e4um hat &hellip; <\/p>\n","protected":false},"author":1,"featured_media":0,"parent":645,"menu_order":4,"comment_status":"closed","ping_status":"closed","template":"","meta":{"footnotes":""},"class_list":["post-893","page","type-page","status-publish","hentry","latest_post"],"_links":{"self":[{"href":"http:\/\/dk-st-josef.de\/index.php?rest_route=\/wp\/v2\/pages\/893","targetHints":{"allow":["GET"]}}],"collection":[{"href":"http:\/\/dk-st-josef.de\/index.php?rest_route=\/wp\/v2\/pages"}],"about":[{"href":"http:\/\/dk-st-josef.de\/index.php?rest_route=\/wp\/v2\/types\/page"}],"author":[{"embeddable":true,"href":"http:\/\/dk-st-josef.de\/index.php?rest_route=\/wp\/v2\/users\/1"}],"replies":[{"embeddable":true,"href":"http:\/\/dk-st-josef.de\/index.php?rest_route=%2Fwp%2Fv2%2Fcomments&post=893"}],"version-history":[{"count":7,"href":"http:\/\/dk-st-josef.de\/index.php?rest_route=\/wp\/v2\/pages\/893\/revisions"}],"predecessor-version":[{"id":1011,"href":"http:\/\/dk-st-josef.de\/index.php?rest_route=\/wp\/v2\/pages\/893\/revisions\/1011"}],"up":[{"embeddable":true,"href":"http:\/\/dk-st-josef.de\/index.php?rest_route=\/wp\/v2\/pages\/645"}],"wp:attachment":[{"href":"http:\/\/dk-st-josef.de\/index.php?rest_route=%2Fwp%2Fv2%2Fmedia&parent=893"}],"curies":[{"name":"wp","href":"https:\/\/api.w.org\/{rel}","templated":true}]}}

<p><span class="has-inline-color has-vivid-red-color"><span class="has-inline-color has-vivid-red-color"><strong><span class="has-inline-color has-vivid-red-color">Unser Artikel im Sessionsheft der Wäscherprinzessin</span></strong></span></span></p>



<h3 class="wp-block-heading">BTHVN und das DK St. Josef</h3>



<p>Beethoven und das DK St. Josef passen prima zusammen, denn sein Jubiläum hat unser Damenkomitee so begeistert, dass wir in der Session 2020 bei vielen Gelegenheiten Beethoven integriert haben: Zunächst in unser Motto: „Manege frei-Beethoven dabei!“.</p>



<div class="wp-block-image"><figure class="aligncenter size-large is-resized"><img loading="lazy" decoding="async" src="http://dk-st-josef.de/wp-content/uploads/2023/03/WP-Heft-20-21-80seitig-5-edited.jpg" alt="" class="wp-image-1010" width="403" height="301" srcset="http://dk-st-josef.de/wp-content/uploads/2023/03/WP-Heft-20-21-80seitig-5-edited.jpg 756w, http://dk-st-josef.de/wp-content/uploads/2023/03/WP-Heft-20-21-80seitig-5-edited-300x225.jpg 300w, http://dk-st-josef.de/wp-content/uploads/2023/03/WP-Heft-20-21-80seitig-5-edited-80x60.jpg 80w" sizes="auto, (max-width: 403px) 100vw, 403px" /></figure></div>



<p>Wir haben Beethoven in unsere Zirkusmanege im Weiberfastnachtszug eingeladen. Er war mit seinem Flügel dabei. Nur sein virtuoses Klavierspiel kam beim Feiern nicht so richtig zur Geltung. Auf unserer Frauensitzung an Karnevalssamstag eröffnete Beethoven (Kajo Kusen in der Rolle des Beethovens) unsere Sitzung mit einem amüsanten und auch kritischen Jahresrückblick auf die gesellschaftlichen und politischen Geschehnisse in Bonn und Beuel. Und im großen Finale konnten wir „beweisen“, dass viele Karnevalsschlager ihren Ursprung in Beethovens Kompositionen haben und Beethoven selbst tief in seinem Innersten Karnevalist war.</p>



<div class="wp-block-image"><figure class="aligncenter size-large is-resized"><img loading="lazy" decoding="async" src="http://dk-st-josef.de/wp-content/uploads/2021/02/WP-Heft-20-21-80seitig-6-edited.jpg" alt="" class="wp-image-763" width="551" height="308" srcset="http://dk-st-josef.de/wp-content/uploads/2021/02/WP-Heft-20-21-80seitig-6-edited-300x169.jpg 300w, http://dk-st-josef.de/wp-content/uploads/2021/02/WP-Heft-20-21-80seitig-6-edited-1024x575.jpg 1024w, http://dk-st-josef.de/wp-content/uploads/2021/02/WP-Heft-20-21-80seitig-6-edited-768x431.jpg 768w, http://dk-st-josef.de/wp-content/uploads/2021/02/WP-Heft-20-21-80seitig-6-edited-107x60.jpg 107w" sizes="auto, (max-width: 551px) 100vw, 551px" /></figure></div>



<p>Es war naheliegend unseren Damenkomitee-Ausflug Ende August coronakonform nach Bonn zu verlegen- ein Tag zum Thema Beethoven. Natürlich nicht bierernst, aber gestartet wurde mit einer Führung im Beethoven-Haus.</p>



<div class="wp-block-image"><figure class="aligncenter size-large is-resized"><img loading="lazy" decoding="async" src="http://dk-st-josef.de/wp-content/uploads/2021/02/WP-Heft-20-21-80seitig-7-edited.jpg" alt="" class="wp-image-765" width="542" height="305" srcset="http://dk-st-josef.de/wp-content/uploads/2021/02/WP-Heft-20-21-80seitig-7-edited.jpg 1361w, http://dk-st-josef.de/wp-content/uploads/2021/02/WP-Heft-20-21-80seitig-7-edited-300x169.jpg 300w, http://dk-st-josef.de/wp-content/uploads/2021/02/WP-Heft-20-21-80seitig-7-edited-1024x576.jpg 1024w, http://dk-st-josef.de/wp-content/uploads/2021/02/WP-Heft-20-21-80seitig-7-edited-768x432.jpg 768w, http://dk-st-josef.de/wp-content/uploads/2021/02/WP-Heft-20-21-80seitig-7-edited-107x60.jpg 107w" sizes="auto, (max-width: 542px) 100vw, 542px" /></figure></div>



<p>Anschließend ging‘s in Kleingruppen auf den preisgekrönten Beethoven-Rundgang mit Aufgaben, die nur singend, dichtend und vor allem mit viel Spaß zu lösen waren. (Ein großes Dankeschön an unsere Katja und Karo für die Vorbereitung.)</p>



<p>Am Beueler Bahnhof gab es vor der Abfahrt zum Eltzhof nicht nur den obligatorischen Sektstand unserer „Präsidenten“, </p>



<div class="wp-block-image"><figure class="aligncenter size-large is-resized"><img loading="lazy" decoding="async" src="http://dk-st-josef.de/wp-content/uploads/2021/02/WP-Heft-20-21-80seitig-8-edited.jpg" alt="" class="wp-image-767" width="512" height="288" srcset="http://dk-st-josef.de/wp-content/uploads/2021/02/WP-Heft-20-21-80seitig-8-edited.jpg 980w, http://dk-st-josef.de/wp-content/uploads/2021/02/WP-Heft-20-21-80seitig-8-edited-300x169.jpg 300w, http://dk-st-josef.de/wp-content/uploads/2021/02/WP-Heft-20-21-80seitig-8-edited-768x432.jpg 768w, http://dk-st-josef.de/wp-content/uploads/2021/02/WP-Heft-20-21-80seitig-8-edited-107x60.jpg 107w" sizes="auto, (max-width: 512px) 100vw, 512px" /></figure></div>



<p>sondern auch für alle die DK-eigenen Corona Masken, so dass wir perfekt gekleidet in eine neue Session starten könnten. </p>



<div class="wp-block-image"><figure class="aligncenter size-large is-resized"><img loading="lazy" decoding="async" src="http://dk-st-josef.de/wp-content/uploads/2021/02/WP-Heft-20-21-80seitig-9-edited.jpg" alt="" class="wp-image-769" width="522" height="293" srcset="http://dk-st-josef.de/wp-content/uploads/2021/02/WP-Heft-20-21-80seitig-9-edited.jpg 899w, http://dk-st-josef.de/wp-content/uploads/2021/02/WP-Heft-20-21-80seitig-9-edited-300x169.jpg 300w, http://dk-st-josef.de/wp-content/uploads/2021/02/WP-Heft-20-21-80seitig-9-edited-768x432.jpg 768w, http://dk-st-josef.de/wp-content/uploads/2021/02/WP-Heft-20-21-80seitig-9-edited-107x60.jpg 107w" sizes="auto, (max-width: 522px) 100vw, 522px" /></figure></div>



<p>Wir haben Lena I. und den Wäscherinnen Judith (aus unserem Damenkomitee St. Josef) und Janina ganz feste die Daumen gedrückt und sie am 11.11. mit einem selbstgedrehten Gratulationsvideo überrascht. Unsere Hoffnung war, dass sie trotz aller Einschränkungen schöne und beeindruckende Erlebnisse haben würden- andere, aber eben auch besondere.</p>



<p>Wir freuen uns auf eine coronakonforme, kleine, aber feine digitale Session 2021. Für unsere Besucherinnen der Frauensitzung gestalten wir eine kleine Überraschung, die den Karneval nach Hause ins Wohnzimmer bringen soll.</p>



<p><strong>3x Beuel Alaaf</strong></p>

<p>Unser Artikel im Sessionsheft der Wäscherprinzessin BTHVN und das DK St. Josef Beethoven und das DK St. Josef passen prima zusammen, denn sein Jubiläum hat &hellip; </p>
