{"id":167,"date":"2020-02-19T15:07:21","date_gmt":"2020-02-19T14:07:21","guid":{"rendered":"http:\/\/dk-st-josef.de\/?page_id=167"},"modified":"2025-01-15T16:22:33","modified_gmt":"2025-01-15T15:22:33","slug":"susanne-ii","status":"publish","type":"page","link":"http:\/\/dk-st-josef.de\/?page_id=167","title":{"rendered":"Susanne II. &#8211; 2015"},"content":{"rendered":"\n<h2 class=\"wp-block-heading\">W\u00e4scherprinzessin <\/h2>\n\n\n\n<h2 class=\"wp-block-heading\">der Session 2014\/2015<\/h2>\n\n\n\n<div class=\"wp-block-image is-style-default\"><figure class=\"alignleft is-resized\"><img loading=\"lazy\" decoding=\"async\" src=\"http:\/\/dk-st-josef.de\/wp-content\/uploads\/2020\/02\/IMG_7706_1-683x1024.jpg\" alt=\"\" class=\"wp-image-83\" width=\"342\" height=\"512\" srcset=\"http:\/\/dk-st-josef.de\/wp-content\/uploads\/2020\/02\/IMG_7706_1-683x1024.jpg 683w, http:\/\/dk-st-josef.de\/wp-content\/uploads\/2020\/02\/IMG_7706_1-200x300.jpg 200w, http:\/\/dk-st-josef.de\/wp-content\/uploads\/2020\/02\/IMG_7706_1-768x1152.jpg 768w, http:\/\/dk-st-josef.de\/wp-content\/uploads\/2020\/02\/IMG_7706_1-40x60.jpg 40w\" sizes=\"auto, (max-width: 342px) 100vw, 342px\" \/><figcaption><sup><span class=\"has-inline-color has-vivid-red-color\">Susanne II.<\/span><\/sup><\/figcaption><\/figure><\/div>\n\n\n\n<p class=\"has-drop-cap\">Susanne schrieb zu Ihrer Vorstellung im Sessionsheft:<\/p>\n\n\n\n<p><strong>Leeve Jecke,<\/strong><\/p>\n\n\n\n<p>am 26.04.1990 erblickte ich in Bonn das Licht der Welt. Aufgewachsen bin ich mit meiner Schwester Lisa bei unseren Eltern R\u00fcdiger und Annette im sch\u00f6nen Beuel.&nbsp;<\/p>\n\n\n\n<p>Wie viele Beueler Kinder besuchte ich den Pius Kindergarten, wo ich schon fr\u00fch mit dem Fastelovend in Ber\u00fchrung kam und im Anschluss daran die Paul-Gerhardt-Schule. Zur weiteren Ausbildung besuchte ich die Integrierte Gesamtschule in P\u00fctzchen, wo ich 2009 mein Abitur ablegte<em>.<\/em><\/p>\n\n\n\n<p>Nach dem Abitur ging ich f\u00fcr ein Auslandsjahr nach Kanada. Anschlie\u00dfenden absolvierte ich ein freiwilliges soziales Jahr und begann an der Universit\u00e4t zu K\u00f6ln Lehramt zu studieren, wo ich voraussichtlich im Fr\u00fchjahr meinen Bachelor beenden werde.<\/p>\n\n\n\n<p>Angesteckt vom Karnevalistischen Treiben im Kindergarten, tanzte und sang ich einige Jahre in der Karnevalsgruppe \u201eJucks P\u00e4nz\u201c in der Pfarrei St. Josef und dem kleinen Muck e.V.. Seit einigen Jahren bin ich nun, genau wie meine Mutter und meine Schwester im Damenkomitee St. Josef zu Hause. Wir sind eine sehr gemischte Truppe, die jedes Jahr aufs Neue mit viel Spa\u00df und Freude ihre Sitzung vorbereitet und auf der B\u00fchne steht.&nbsp;<\/p>\n\n\n\n<p>Im letzten Jahr durfte ich dann gemeinsam mit W\u00e4scherin Luisa unsere W\u00e4scherprinzessin Ann-Kathrin I. begleiten und eine fantastische Session erleben. Neben dem Karneval sind die Pfadfinder mein gro\u00dfes Hobby. Dort bin ich seit 15 Jahren in unserer Gemeinde aktiv, habe verschiedene Gruppen geleitet und bin im Vorstand. Daher ist auch die Pfadfinderlilie in meinem pers\u00f6nlichen Anstecker zu sehen.&nbsp;<\/p>\n\n\n\n<p>In dieser Session ist es nun f\u00fcr mich soweit, als Susanne II. bin ich die Repr\u00e4sentantin der Beueler Weiberfastnacht.&nbsp;Ich freue mich mit meinem Damenkomitee, meine W\u00e4scherinnen Tessa und Franzi und allen Karnevalsfreunden auf eine unvergessliche Session und getreu meinem Motto: <\/p>\n\n\n\n<p><strong>\u201eDe Botze h\u00e4nge op de Ling, ons Sch\u00e4lsick is e herrlich Ding\u201c<\/strong> Fastelovend zu fiere.<\/p>\n","protected":false},"excerpt":{"rendered":"<p>W\u00e4scherprinzessin der Session 2014\/2015 Susanne schrieb zu Ihrer Vorstellung im Sessionsheft: Leeve Jecke, am 26.04.1990 erblickte ich in Bonn das Licht der Welt. Aufgewachsen bin &hellip; <\/p>\n","protected":false},"author":1,"featured_media":0,"parent":134,"menu_order":2,"comment_status":"closed","ping_status":"closed","template":"","meta":{"footnotes":""},"class_list":["post-167","page","type-page","status-publish","hentry","latest_post"],"_links":{"self":[{"href":"http:\/\/dk-st-josef.de\/index.php?rest_route=\/wp\/v2\/pages\/167","targetHints":{"allow":["GET"]}}],"collection":[{"href":"http:\/\/dk-st-josef.de\/index.php?rest_route=\/wp\/v2\/pages"}],"about":[{"href":"http:\/\/dk-st-josef.de\/index.php?rest_route=\/wp\/v2\/types\/page"}],"author":[{"embeddable":true,"href":"http:\/\/dk-st-josef.de\/index.php?rest_route=\/wp\/v2\/users\/1"}],"replies":[{"embeddable":true,"href":"http:\/\/dk-st-josef.de\/index.php?rest_route=%2Fwp%2Fv2%2Fcomments&post=167"}],"version-history":[{"count":10,"href":"http:\/\/dk-st-josef.de\/index.php?rest_route=\/wp\/v2\/pages\/167\/revisions"}],"predecessor-version":[{"id":1143,"href":"http:\/\/dk-st-josef.de\/index.php?rest_route=\/wp\/v2\/pages\/167\/revisions\/1143"}],"up":[{"embeddable":true,"href":"http:\/\/dk-st-josef.de\/index.php?rest_route=\/wp\/v2\/pages\/134"}],"wp:attachment":[{"href":"http:\/\/dk-st-josef.de\/index.php?rest_route=%2Fwp%2Fv2%2Fmedia&parent=167"}],"curies":[{"name":"wp","href":"https:\/\/api.w.org\/{rel}","templated":true}]}}

<h2 class="wp-block-heading">Wäscherprinzessin </h2>



<h2 class="wp-block-heading">der Session 2014/2015</h2>



<div class="wp-block-image is-style-default"><figure class="alignleft is-resized"><img loading="lazy" decoding="async" src="http://dk-st-josef.de/wp-content/uploads/2020/02/IMG_7706_1-683x1024.jpg" alt="" class="wp-image-83" width="342" height="512" srcset="http://dk-st-josef.de/wp-content/uploads/2020/02/IMG_7706_1-683x1024.jpg 683w, http://dk-st-josef.de/wp-content/uploads/2020/02/IMG_7706_1-200x300.jpg 200w, http://dk-st-josef.de/wp-content/uploads/2020/02/IMG_7706_1-768x1152.jpg 768w, http://dk-st-josef.de/wp-content/uploads/2020/02/IMG_7706_1-40x60.jpg 40w" sizes="auto, (max-width: 342px) 100vw, 342px" /><figcaption><sup><span class="has-inline-color has-vivid-red-color">Susanne II.</span></sup></figcaption></figure></div>



<p class="has-drop-cap">Susanne schrieb zu Ihrer Vorstellung im Sessionsheft:</p>



<p><strong>Leeve Jecke,</strong></p>



<p>am 26.04.1990 erblickte ich in Bonn das Licht der Welt. Aufgewachsen bin ich mit meiner Schwester Lisa bei unseren Eltern Rüdiger und Annette im schönen Beuel.&nbsp;</p>



<p>Wie viele Beueler Kinder besuchte ich den Pius Kindergarten, wo ich schon früh mit dem Fastelovend in Berührung kam und im Anschluss daran die Paul-Gerhardt-Schule. Zur weiteren Ausbildung besuchte ich die Integrierte Gesamtschule in Pützchen, wo ich 2009 mein Abitur ablegte<em>.</em></p>



<p>Nach dem Abitur ging ich für ein Auslandsjahr nach Kanada. Anschließenden absolvierte ich ein freiwilliges soziales Jahr und begann an der Universität zu Köln Lehramt zu studieren, wo ich voraussichtlich im Frühjahr meinen Bachelor beenden werde.</p>



<p>Angesteckt vom Karnevalistischen Treiben im Kindergarten, tanzte und sang ich einige Jahre in der Karnevalsgruppe „Jucks Pänz“ in der Pfarrei St. Josef und dem kleinen Muck e.V.. Seit einigen Jahren bin ich nun, genau wie meine Mutter und meine Schwester im Damenkomitee St. Josef zu Hause. Wir sind eine sehr gemischte Truppe, die jedes Jahr aufs Neue mit viel Spaß und Freude ihre Sitzung vorbereitet und auf der Bühne steht.&nbsp;</p>



<p>Im letzten Jahr durfte ich dann gemeinsam mit Wäscherin Luisa unsere Wäscherprinzessin Ann-Kathrin I. begleiten und eine fantastische Session erleben. Neben dem Karneval sind die Pfadfinder mein großes Hobby. Dort bin ich seit 15 Jahren in unserer Gemeinde aktiv, habe verschiedene Gruppen geleitet und bin im Vorstand. Daher ist auch die Pfadfinderlilie in meinem persönlichen Anstecker zu sehen.&nbsp;</p>



<p>In dieser Session ist es nun für mich soweit, als Susanne II. bin ich die Repräsentantin der Beueler Weiberfastnacht.&nbsp;Ich freue mich mit meinem Damenkomitee, meine Wäscherinnen Tessa und Franzi und allen Karnevalsfreunden auf eine unvergessliche Session und getreu meinem Motto: </p>



<p><strong>„De Botze hänge op de Ling, ons Schälsick is e herrlich Ding“</strong> Fastelovend zu fiere.</p>

<p>Wäscherprinzessin der Session 2014/2015 Susanne schrieb zu Ihrer Vorstellung im Sessionsheft: Leeve Jecke, am 26.04.1990 erblickte ich in Bonn das Licht der Welt. Aufgewachsen bin &hellip; </p>
