{"id":1229,"date":"2025-01-10T17:50:37","date_gmt":"2025-01-10T16:50:37","guid":{"rendered":"http:\/\/dk-st-josef.de\/?page_id=1229"},"modified":"2025-01-15T16:20:55","modified_gmt":"2025-01-15T15:20:55","slug":"aus-der-festschrift-zu-200-jahre-beueler-weiberfastnacht","status":"publish","type":"page","link":"http:\/\/dk-st-josef.de\/?page_id=1229","title":{"rendered":"Aus der Festschrift zu 200 Jahre Beueler Weiberfastnacht"},"content":{"rendered":"\n<p>Damenkomitee der Katholischen Frauengemeinschaft St. Josef<\/p>\n\n\n\n<p>Die Geschichte des Komitees geht zur\u00fcck bis ins Gr\u00fcndungsjahr 1924, als man sich erstmals zu einem \u201eKaffeklatsch\u201c traf. Dieser \u201eFrauen-Kaffeeklatsch\u201c an Weiberfastnacht und die Organisation der Teilnahme am Weiberfastnachtszug waren integriert in die Vorstandsarbeit der jeweiligen Vorsitzenden der Katholischen Frauengemeinschaft (kfd), so dass bis 1979 kein eigens f\u00fcr das Damenkomitee geschaffenes Amt der Pr\u00e4sidentin bestand. Das \u00e4nderte sich 1980. Erste Pr\u00e4sidentin wurde Michaele Neuhalfen, die das Amt bis 1990 aus\u00fcbte. Ihr folgte bis 2007 Hilde Lichtenberg, die 2008 von der bis heute amtierenden Pr\u00e4sidentin, Brigitte Mohn, abgel\u00f6st wurde.<\/p>\n\n\n\n<p>Die Vereinsuniform ver\u00e4nderte sich im Wandel der Zeiten. Immer in den Vereinsfarben Rot-Wei\u00df gehalten war es zun\u00e4chst ein einfaches W\u00e4scherinnenkost\u00fcm, das 2009 ein wenig \u201eaufgeh\u00fcbscht\u201c wurde. Hinzugef\u00fcgt wurde als besonderes Markenzeichen ein sehr kleines \u201eSchiffchen\u201c auf dem Kopf. Es zeigt den Kirchturm von St. Josef, an dem die \u201eButz\u201c h\u00e4ngt. Als 1. Beueler Damenreitercorps des Damenkomitees St. Josef tragen die Damen einen roten Frack, eine wei\u00dfe Hose mit der jeweils aktuellen, zum Motto passenden Kopfbedeckung. Mit seinen im Rot-Wei\u00df gehaltenen Kost\u00fcmen lehnt sich das Komitee immer an das jeweilige Motto der Session an. Auff\u00e4lliges Kennzeichen sind die selbst produzierten, riesigen H\u00e4kelm\u00fctzen-Schiffchen<\/p>\n\n\n\n<p>Aus dem Kreis seiner derzeit 38 aktiven Mitglieder im Alter von 18-93 Jahren, die von 6 Seniorinnen erg\u00e4nzt werden, stellte das Komitee mehrfach die W\u00e4scherprinzessin. 1975 war es Sabine I. (Sabine Barz, geb. Thimm), 2010 \u00fcbernahm Lara I. (Lara Mohn) da Amt mit dem Motto \u201eLaach un danz un b\u00fctz un sing, jecke T\u00f6n in Beuel am Rhing!\u201c 2015 regierte Susanne II. (Susamme Eyhoff) mit dem Motto \u201eDe Botze h\u00e4nge op de Ling, ons Sch\u00e4lsick is e herrlich Ding\u201c und 2019 f\u00fchrte Ariane I. (Ariana Clever) die Schar der Karneval feiernden Beueler Wiever mit dem Bezug zur franz\u00f6sischen Partnerstadt Motto an: \u201c3x Alaaf und Bonjour, Beuel is jeck mit Mirecourt\u201d<\/p>\n\n\n\n<p>Das Komitee plant und organisiert regelm\u00e4\u00dfig Veranstaltungen. Dazu geh\u00f6ren das karnevalistische Mitsing-Orgelkonzert am Sonntag vor Karneval, die Teilnahme am Beueler Weiberfastnachtszug und eine Frauensitzung mit anschlie\u00dfender Karnevalsparty, zun\u00e4chst an Weiberfastnacht, seit 2007 am Karnevalssamstag. Bis 2017 geh\u00f6rte auch ein Kinderkost\u00fcmfest an Karnevalsdienstag zum Programm. Die Teilnahme am Zug an Weiberfastnacht ist selbstverst\u00e4ndlich. 2017 kam auf Bitte der Stadt Bonn die Teilnahme am Bonner Rosenmontagszug hinzu. Mit den Karussell-Kost\u00fcmen begleitete man den Mottowagen zum Jubil\u00e4um \u201e650 Jahre P\u00fctzchens Markt\u201c.<\/p>\n\n\n\n<p>Aktuell gibt es in der Jubil\u00e4umssession 2022\/2023 unter dem Motto \u201e99 Jahre himmlisch jeck\u201c weitere Veranstaltungen: Ein Mitsingabend in Kooperation mit \u201eLoss mer singe\u201c, der erste \u201eBeueler Weiberfr\u00fchschoppen\u201c mit allen Damenkomitees, die Jubil\u00e4umsveranstaltung im \u201ePantheon\u201c mit prominenten G\u00e4sten, auch aus dem K\u00f6lner Karneval und die \u201eHimmlische Weinprobe\u201c mit dem Wein-und Kulturbotschafter Kalle Grundmann.<\/p>\n\n\n\n<p>Regelm\u00e4\u00dfige \u201eTeam-Events\u201c, wie ein Sommerfest mit allen Helferinnen und Helfern und ihren Familien sowie ein Tagesausflug oder ein Wochenendausflug st\u00e4rken den Zusammenhalt im Damenkomitee.<\/p>\n\n\n\n<p>Zur Nachwuchsf\u00f6rderung gr\u00fcndete das Komitee 2015 eine \u201eM\u00e4dchengruppe\u201c. Die damals 8 M\u00e4dchen nahmen am Beueler Weiberfastnachtszug teil, erfreuten die G\u00e4ste bei den Frauensitzungen mit Sketchen oder witzigen Quizformaten und halfen tatkr\u00e4ftig bei den praktischen Dingen mit. Heute sind 7 von Ihnen, mittlerweile alle vollj\u00e4hrig, Mitglied im Komitee und eine von ihnen, Judith R\u00f6tten, amtiert aktuell als W\u00e4scherin von Lena I. Vier der Nachwuchsm\u00e4dels warben ihre M\u00fctter als neue Aktive im Komitee an.<\/p>\n\n\n\n<p>Im Jahr 2012 organisierten sich 11 Ehem\u00e4nner und Freunde, die seit 2010 schon als tatkr\u00e4ftige Unterst\u00fctzer aufgetreten waren als Traditionscorps Rot-Gold Beuel v. 2012\u201c- eine echte Jux-Truppe. Alle tragen den Titel \u201ePr\u00e4sident\u201c, sind weit entfernt vom organisierten Karneval und sorgen trotzdem regelm\u00e4\u00dfig f\u00fcr Thekendienste, Requisitenbau, Technik, Filmaufnahmen und treten sogar gelegentlich<\/p>\n\n\n\n<p>bei der Frauensitzung auf. In der Session 2019 schenkten die 11 Pr\u00e4sidenten des Traditionscorps Rot-Gold den Damen eigene \u201ePferde\u201c. Diese entstanden durch eine Umwandlung von Fahrr\u00e4dern in zahme, unempfindliche (Stahl-) R\u00f6sser. So entstand das \u201e1. Beueler Damenreitercorps des Damenkomitees St. Josef\u201c.<\/p>\n\n\n\n<p><strong>2012 entstand mit dem Text von Herbert J\u00fctten zum 88j\u00e4hrigen Jubil\u00e4um des Komitees ein Vereinslied, dem 2018 eine weitere Strophe hinzugef\u00fcgt wurde.<\/strong><\/p>\n\n\n\n<p>En Beuel, do steht en jru\u00dfe Kerch, jeweiht dem Juppemann,<\/p>\n\n\n\n<p>die h\u00e4tt rings \u00f6m d\u2018r Huhaltar och Hellijerbeldcher dran.<\/p>\n\n\n\n<p>Der Pitter met dem Schl\u00fcsselbund, dr Paul mit singem Schw\u00e4ht,<\/p>\n\n\n\n<p>ne staatse Jupp, sch\u00f6n restaureet, et wor de M\u00f6hde w\u00e4ht.<\/p>\n\n\n\n<p>Marie op singem S\u00f6ller beluurte sich dat Spell:<\/p>\n\n\n\n<p>\u201eWo sen dann he de Fraue? Drei K\u00e4ls, dat es zevill!\u201c<\/p>\n\n\n\n<p>Un dat Marie h\u00e4tt en Idee: \u201eIch bruch e Damenkomitee (en d\u2018r kfd)\u201c<\/p>\n\n\n\n<p>Refrain: An d\u2018r Spetz, do k\u00fctt de Fahn, dann r\u00f6cke jecke Wiever an.<\/p>\n\n\n\n<p>Dat R\u00f6ckche wie\u00df un ruut kareet, und et J\u00f6ppche staats drapeet.<\/p>\n\n\n\n<p>Dat H\u00e4ubche stief gest\u00e4rk om Kopp,<\/p>\n\n\n\n<p>Mem Kerchturmscheffche bovven drop<\/p>\n\n\n\n<p>||: un en der Hand d\u2018r Welt zum Trotz,<\/p>\n\n\n\n<p>us Holz d\u2018r L\u00f6ffel met ner Botz. :||<\/p>\n\n\n\n<p>Vum Wieverfastelovend kriege mir all nie genog!<\/p>\n\n\n\n<p>Bei Schnie, bei R\u00e4hn, bei Sunnesching: Mir loofe met em Zoch.<\/p>\n\n\n\n<p>Mir tredde och f\u00fcr Dierschotz en, mit Siel un och met H\u00e4tz.<\/p>\n\n\n\n<p>Doch en ne Fastelovendszoch geh\u00fcrt e P\u00e4\u00e4t met St\u00e4tz.<\/p>\n\n\n\n<p>Weed uns dat h\u00fcgg verbodde, su laache mir nur nett<\/p>\n\n\n\n<p>un rigge durch ganz Beuel mem Hotte-H\u00fch-Cyclette.<\/p>\n\n\n\n<p>Et eeschte Mol do s\u00fchst do he e Reiter-Damenkomitee (en der KFD)!<\/p>\n\n\n\n<p>Refrain: <strong>An d\u2018r Spetz, do k\u00fctt de Fahn,\u2026<\/strong><\/p>\n\n\n\n<p>Dat Schm\u00f6lzje l\u00e4\u00e4v vum J\u00e4jesatz, denn d\u00e4 h\u00e4lt it en Schwung,<\/p>\n\n\n\n<p>dr\u00f6m fingste do em Komitee och Fraul\u00fcck, ahl un jung.<\/p>\n\n\n\n<p>Hej op dr B\u00fchn, en einer Reih\u2018, do kann mer deutlich sinn,<\/p>\n\n\n\n<p>dat Wiever hej zusamme stonn, ejal ov deck, ov d\u00fcnn!<\/p>\n\n\n\n<p>Met Str\u00fcsjer un Kamelle un met enem jecke Klaaf<\/p>\n\n\n\n<p>se fiere bes zum Morje met Ajuja un Alaaf.<\/p>\n\n\n\n<p>Dr\u00f6m hevv de Jl\u00e4ser en de H\u00fch op unser Damenkomitee (en dr kfd)<\/p>\n\n\n\n<p>Refrain: <strong>An d\u2018r Spetz, do k\u00fctt de Fahn,\u2026<\/strong><\/p>\n","protected":false},"excerpt":{"rendered":"<p>Damenkomitee der Katholischen Frauengemeinschaft St. Josef Die Geschichte des Komitees geht zur\u00fcck bis ins Gr\u00fcndungsjahr 1924, als man sich erstmals zu einem \u201eKaffeklatsch\u201c traf. Dieser &hellip; <\/p>\n","protected":false},"author":1,"featured_media":0,"parent":0,"menu_order":0,"comment_status":"closed","ping_status":"closed","template":"","meta":{"footnotes":""},"class_list":["post-1229","page","type-page","status-publish","hentry","latest_post"],"_links":{"self":[{"href":"http:\/\/dk-st-josef.de\/index.php?rest_route=\/wp\/v2\/pages\/1229","targetHints":{"allow":["GET"]}}],"collection":[{"href":"http:\/\/dk-st-josef.de\/index.php?rest_route=\/wp\/v2\/pages"}],"about":[{"href":"http:\/\/dk-st-josef.de\/index.php?rest_route=\/wp\/v2\/types\/page"}],"author":[{"embeddable":true,"href":"http:\/\/dk-st-josef.de\/index.php?rest_route=\/wp\/v2\/users\/1"}],"replies":[{"embeddable":true,"href":"http:\/\/dk-st-josef.de\/index.php?rest_route=%2Fwp%2Fv2%2Fcomments&post=1229"}],"version-history":[{"count":1,"href":"http:\/\/dk-st-josef.de\/index.php?rest_route=\/wp\/v2\/pages\/1229\/revisions"}],"predecessor-version":[{"id":1231,"href":"http:\/\/dk-st-josef.de\/index.php?rest_route=\/wp\/v2\/pages\/1229\/revisions\/1231"}],"wp:attachment":[{"href":"http:\/\/dk-st-josef.de\/index.php?rest_route=%2Fwp%2Fv2%2Fmedia&parent=1229"}],"curies":[{"name":"wp","href":"https:\/\/api.w.org\/{rel}","templated":true}]}}

<p>Damenkomitee der Katholischen Frauengemeinschaft St. Josef</p>



<p>Die Geschichte des Komitees geht zurück bis ins Gründungsjahr 1924, als man sich erstmals zu einem „Kaffeklatsch“ traf. Dieser „Frauen-Kaffeeklatsch“ an Weiberfastnacht und die Organisation der Teilnahme am Weiberfastnachtszug waren integriert in die Vorstandsarbeit der jeweiligen Vorsitzenden der Katholischen Frauengemeinschaft (kfd), so dass bis 1979 kein eigens für das Damenkomitee geschaffenes Amt der Präsidentin bestand. Das änderte sich 1980. Erste Präsidentin wurde Michaele Neuhalfen, die das Amt bis 1990 ausübte. Ihr folgte bis 2007 Hilde Lichtenberg, die 2008 von der bis heute amtierenden Präsidentin, Brigitte Mohn, abgelöst wurde.</p>



<p>Die Vereinsuniform veränderte sich im Wandel der Zeiten. Immer in den Vereinsfarben Rot-Weiß gehalten war es zunächst ein einfaches Wäscherinnenkostüm, das 2009 ein wenig „aufgehübscht“ wurde. Hinzugefügt wurde als besonderes Markenzeichen ein sehr kleines „Schiffchen“ auf dem Kopf. Es zeigt den Kirchturm von St. Josef, an dem die „Butz“ hängt. Als 1. Beueler Damenreitercorps des Damenkomitees St. Josef tragen die Damen einen roten Frack, eine weiße Hose mit der jeweils aktuellen, zum Motto passenden Kopfbedeckung. Mit seinen im Rot-Weiß gehaltenen Kostümen lehnt sich das Komitee immer an das jeweilige Motto der Session an. Auffälliges Kennzeichen sind die selbst produzierten, riesigen Häkelmützen-Schiffchen</p>



<p>Aus dem Kreis seiner derzeit 38 aktiven Mitglieder im Alter von 18-93 Jahren, die von 6 Seniorinnen ergänzt werden, stellte das Komitee mehrfach die Wäscherprinzessin. 1975 war es Sabine I. (Sabine Barz, geb. Thimm), 2010 übernahm Lara I. (Lara Mohn) da Amt mit dem Motto „Laach un danz un bütz un sing, jecke Tön in Beuel am Rhing!“ 2015 regierte Susanne II. (Susamme Eyhoff) mit dem Motto „De Botze hänge op de Ling, ons Schälsick is e herrlich Ding“ und 2019 führte Ariane I. (Ariana Clever) die Schar der Karneval feiernden Beueler Wiever mit dem Bezug zur französischen Partnerstadt Motto an: “3x Alaaf und Bonjour, Beuel is jeck mit Mirecourt”</p>



<p>Das Komitee plant und organisiert regelmäßig Veranstaltungen. Dazu gehören das karnevalistische Mitsing-Orgelkonzert am Sonntag vor Karneval, die Teilnahme am Beueler Weiberfastnachtszug und eine Frauensitzung mit anschließender Karnevalsparty, zunächst an Weiberfastnacht, seit 2007 am Karnevalssamstag. Bis 2017 gehörte auch ein Kinderkostümfest an Karnevalsdienstag zum Programm. Die Teilnahme am Zug an Weiberfastnacht ist selbstverständlich. 2017 kam auf Bitte der Stadt Bonn die Teilnahme am Bonner Rosenmontagszug hinzu. Mit den Karussell-Kostümen begleitete man den Mottowagen zum Jubiläum „650 Jahre Pützchens Markt“.</p>



<p>Aktuell gibt es in der Jubiläumssession 2022/2023 unter dem Motto „99 Jahre himmlisch jeck“ weitere Veranstaltungen: Ein Mitsingabend in Kooperation mit „Loss mer singe“, der erste „Beueler Weiberfrühschoppen“ mit allen Damenkomitees, die Jubiläumsveranstaltung im „Pantheon“ mit prominenten Gästen, auch aus dem Kölner Karneval und die „Himmlische Weinprobe“ mit dem Wein-und Kulturbotschafter Kalle Grundmann.</p>



<p>Regelmäßige „Team-Events“, wie ein Sommerfest mit allen Helferinnen und Helfern und ihren Familien sowie ein Tagesausflug oder ein Wochenendausflug stärken den Zusammenhalt im Damenkomitee.</p>



<p>Zur Nachwuchsförderung gründete das Komitee 2015 eine „Mädchengruppe“. Die damals 8 Mädchen nahmen am Beueler Weiberfastnachtszug teil, erfreuten die Gäste bei den Frauensitzungen mit Sketchen oder witzigen Quizformaten und halfen tatkräftig bei den praktischen Dingen mit. Heute sind 7 von Ihnen, mittlerweile alle volljährig, Mitglied im Komitee und eine von ihnen, Judith Rötten, amtiert aktuell als Wäscherin von Lena I. Vier der Nachwuchsmädels warben ihre Mütter als neue Aktive im Komitee an.</p>



<p>Im Jahr 2012 organisierten sich 11 Ehemänner und Freunde, die seit 2010 schon als tatkräftige Unterstützer aufgetreten waren als Traditionscorps Rot-Gold Beuel v. 2012“- eine echte Jux-Truppe. Alle tragen den Titel „Präsident“, sind weit entfernt vom organisierten Karneval und sorgen trotzdem regelmäßig für Thekendienste, Requisitenbau, Technik, Filmaufnahmen und treten sogar gelegentlich</p>



<p>bei der Frauensitzung auf. In der Session 2019 schenkten die 11 Präsidenten des Traditionscorps Rot-Gold den Damen eigene „Pferde“. Diese entstanden durch eine Umwandlung von Fahrrädern in zahme, unempfindliche (Stahl-) Rösser. So entstand das „1. Beueler Damenreitercorps des Damenkomitees St. Josef“.</p>



<p><strong>2012 entstand mit dem Text von Herbert Jütten zum 88jährigen Jubiläum des Komitees ein Vereinslied, dem 2018 eine weitere Strophe hinzugefügt wurde.</strong></p>



<p>En Beuel, do steht en jruße Kerch, jeweiht dem Juppemann,</p>



<p>die hätt rings öm d‘r Huhaltar och Hellijerbeldcher dran.</p>



<p>Der Pitter met dem Schlüsselbund, dr Paul mit singem Schwäht,</p>



<p>ne staatse Jupp, schön restaureet, et wor de Möhde wäht.</p>



<p>Marie op singem Söller beluurte sich dat Spell:</p>



<p>„Wo sen dann he de Fraue? Drei Käls, dat es zevill!“</p>



<p>Un dat Marie hätt en Idee: „Ich bruch e Damenkomitee (en d‘r kfd)“</p>



<p>Refrain: An d‘r Spetz, do kütt de Fahn, dann röcke jecke Wiever an.</p>



<p>Dat Röckche wieß un ruut kareet, und et Jöppche staats drapeet.</p>



<p>Dat Häubche stief gestärk om Kopp,</p>



<p>Mem Kerchturmscheffche bovven drop</p>



<p>||: un en der Hand d‘r Welt zum Trotz,</p>



<p>us Holz d‘r Löffel met ner Botz. :||</p>



<p>Vum Wieverfastelovend kriege mir all nie genog!</p>



<p>Bei Schnie, bei Rähn, bei Sunnesching: Mir loofe met em Zoch.</p>



<p>Mir tredde och für Dierschotz en, mit Siel un och met Hätz.</p>



<p>Doch en ne Fastelovendszoch gehürt e Päät met Stätz.</p>



<p>Weed uns dat hügg verbodde, su laache mir nur nett</p>



<p>un rigge durch ganz Beuel mem Hotte-Hüh-Cyclette.</p>



<p>Et eeschte Mol do sühst do he e Reiter-Damenkomitee (en der KFD)!</p>



<p>Refrain: <strong>An d‘r Spetz, do kütt de Fahn,…</strong></p>



<p>Dat Schmölzje lääv vum Jäjesatz, denn dä hält it en Schwung,</p>



<p>dröm fingste do em Komitee och Fraulück, ahl un jung.</p>



<p>Hej op dr Bühn, en einer Reih‘, do kann mer deutlich sinn,</p>



<p>dat Wiever hej zusamme stonn, ejal ov deck, ov dünn!</p>



<p>Met Strüsjer un Kamelle un met enem jecke Klaaf</p>



<p>se fiere bes zum Morje met Ajuja un Alaaf.</p>



<p>Dröm hevv de Jläser en de Hüh op unser Damenkomitee (en dr kfd)</p>



<p>Refrain: <strong>An d‘r Spetz, do kütt de Fahn,…</strong></p>

<p>Damenkomitee der Katholischen Frauengemeinschaft St. Josef Die Geschichte des Komitees geht zurück bis ins Gründungsjahr 1924, als man sich erstmals zu einem „Kaffeklatsch“ traf. Dieser &hellip; </p>
